{"id":536,"date":"2016-04-30T02:20:37","date_gmt":"2016-04-29T23:20:37","guid":{"rendered":"http:\/\/sehristan.org\/?post_type=project&#038;p=536"},"modified":"2019-03-10T13:02:25","modified_gmt":"2019-03-10T10:02:25","slug":"536","status":"publish","type":"project","link":"https:\/\/sehristan.org\/index.php\/project\/536\/","title":{"rendered":"Ufka Yolculuk-4 Kars \u00d6d\u00fclleri Sahiplerine Kavu\u015ftu"},"content":{"rendered":"\n[et_pb_section bb_built=&#8221;1&#8243;][et_pb_row][et_pb_column type=&#8221;4_4&#8243;][et_pb_text _builder_version=&#8221;3.0.60&#8243; background_layout=&#8221;light&#8221; text_orientation=&#8221;left&#8221; border_style=&#8221;solid&#8221;]\r\n\r\n<strong>Ufka Yolculuk 4 &#8211; Kars \u00d6d\u00fclleri Sahiplerine Kavu\u015ftu<\/strong>\r\n\r\nZinde Gen\u00e7lik ve \u015eehristan Gen\u00e7lik derneklerinin Kars&#8217;ta birlikte organize etti\u011fi Ufka Yolculuk 4 &#8220;Hadis&#8221; Yar\u0131\u015fmas\u0131&#8217;n\u0131n \u00f6d\u00fclleri, Kars K\u00fclt\u00fcr Merkezi&#8217;nde 30 Nisan 2016 tarihinde yap\u0131lan g\u00f6rkemli bir t\u00f6renle sahiplerine verildi. Programda 3 ayr\u0131 kategoride dereceye giren ilk 10 yar\u0131\u015fmac\u0131ya \u00f6d\u00fclleri veridi. \u00d6d\u00fcllerin yan\u0131 s\u0131ra Diyanet \u0130\u015fleri Ba\u015fkanl\u0131\u011f\u0131 bestekarlar\u0131ndan Yusuf KARAG\u00d6Z&#8217;\u00fcn ilahi konseri, kat\u0131l\u0131mc\u0131lar\u0131n unutulmaz bir g\u00fcn ge\u00e7irmelerine vesile olmu\u015f oldu.\r\n\r\n[\/et_pb_text][et_pb_gallery _builder_version=&#8221;3.0.60&#8243; show_title_and_caption=&#8221;off&#8221; show_pagination=&#8221;on&#8221; gallery_ids=&#8221;384,382,381,377,380,375,383,376,379,378,385&#8243; fullwidth=&#8221;off&#8221; orientation=&#8221;landscape&#8221; zoom_icon_color=&#8221;#81d742&#8243; hover_overlay_color=&#8221;rgba(255,255,255,0.9)&#8221; background_layout=&#8221;light&#8221; border_style=&#8221;solid&#8221; auto=&#8221;off&#8221; \/][\/et_pb_column][\/et_pb_row][\/et_pb_section]\n","protected":false},"excerpt":{"rendered":"<p><div class=\"et_pb_row et_pb_row_0 et_pb_row_empty\">\n\t\t\t\t\n\t\t\t\t\n\t\t\t\t\n\t\t\t\t\n\t\t\t\t\n\t\t\t<\/div> Ufka Yolculuk 4 &#8211; Kars \u00d6d\u00fclleri Sahiplerine Kavu\u015ftu Zinde Gen\u00e7lik ve \u015eehristan Gen\u00e7lik derneklerinin Kars&#8217;ta birlikte organize etti\u011fi Ufka Yolculuk 4 &#8220;Hadis&#8221; Yar\u0131\u015fmas\u0131&#8217;n\u0131n \u00f6d\u00fclleri, Kars K\u00fclt\u00fcr Merkezi&#8217;nde 30 Nisan 2016 tarihinde yap\u0131lan g\u00f6rkemli bir t\u00f6renle sahiplerine verildi. Programda 3 ayr\u0131 kategoride dereceye giren ilk 10 yar\u0131\u015fmac\u0131ya \u00f6d\u00fclleri veridi. \u00d6d\u00fcllerin yan\u0131 s\u0131ra Diyanet \u0130\u015fleri Ba\u015fkanl\u0131\u011f\u0131 [&hellip;]<\/p>\n","protected":false},"author":2,"featured_media":0,"comment_status":"open","ping_status":"closed","template":"","meta":{"_et_pb_use_builder":"on","_et_pb_old_content":"","_et_gb_content_width":"","footnotes":""},"project_category":[22],"project_tag":[25],"class_list":["post-536","project","type-project","status-publish","hentry","project_category-ufka-yolculuk","project_tag-ufka-yolculuk"],"_links":{"self":[{"href":"https:\/\/sehristan.org\/index.php\/wp-json\/wp\/v2\/project\/536","targetHints":{"allow":["GET"]}}],"collection":[{"href":"https:\/\/sehristan.org\/index.php\/wp-json\/wp\/v2\/project"}],"about":[{"href":"https:\/\/sehristan.org\/index.php\/wp-json\/wp\/v2\/types\/project"}],"author":[{"embeddable":true,"href":"https:\/\/sehristan.org\/index.php\/wp-json\/wp\/v2\/users\/2"}],"replies":[{"embeddable":true,"href":"https:\/\/sehristan.org\/index.php\/wp-json\/wp\/v2\/comments?post=536"}],"version-history":[{"count":7,"href":"https:\/\/sehristan.org\/index.php\/wp-json\/wp\/v2\/project\/536\/revisions"}],"predecessor-version":[{"id":1221,"href":"https:\/\/sehristan.org\/index.php\/wp-json\/wp\/v2\/project\/536\/revisions\/1221"}],"wp:attachment":[{"href":"https:\/\/sehristan.org\/index.php\/wp-json\/wp\/v2\/media?parent=536"}],"wp:term":[{"taxonomy":"project_category","embeddable":true,"href":"https:\/\/sehristan.org\/index.php\/wp-json\/wp\/v2\/project_category?post=536"},{"taxonomy":"project_tag","embeddable":true,"href":"https:\/\/sehristan.org\/index.php\/wp-json\/wp\/v2\/project_tag?post=536"}],"curies":[{"name":"wp","href":"https:\/\/api.w.org\/{rel}","templated":true}]}}

Ufka Yolculuk-4 Kars Ödülleri Sahiplerine Kavuştu

[et_pb_section bb_built=&#8221;1&#8243;][et_pb_row][et_pb_column type=&#8221;4_4&#8243;][et_pb_text _builder_version=&#8221;3.0.60&#8243; background_layout=&#8221;light&#8221; text_orientation=&#8221;left&#8221; border_style=&#8221;solid&#8221;]

<strong>Ufka Yolculuk 4 &#8211; Kars Ödülleri Sahiplerine Kavuştu</strong>

Zinde Gençlik ve Şehristan Gençlik derneklerinin Kars&#8217;ta birlikte organize ettiği Ufka Yolculuk 4 &#8220;Hadis&#8221; Yarışması&#8217;nın ödülleri, Kars Kültür Merkezi&#8217;nde 30 Nisan 2016 tarihinde yapılan görkemli bir törenle sahiplerine verildi. Programda 3 ayrı kategoride dereceye giren ilk 10 yarışmacıya ödülleri veridi. Ödüllerin yanı sıra Diyanet İşleri Başkanlığı bestekarlarından Yusuf KARAGÖZ&#8217;ün ilahi konseri, katılımcıların unutulmaz bir gün geçirmelerine vesile olmuş oldu.

[/et_pb_text][et_pb_gallery _builder_version=&#8221;3.0.60&#8243; show_title_and_caption=&#8221;off&#8221; show_pagination=&#8221;on&#8221; gallery_ids=&#8221;384,382,381,377,380,375,383,376,379,378,385&#8243; fullwidth=&#8221;off&#8221; orientation=&#8221;landscape&#8221; zoom_icon_color=&#8221;#81d742&#8243; hover_overlay_color=&#8221;rgba(255,255,255,0.9)&#8221; background_layout=&#8221;light&#8221; border_style=&#8221;solid&#8221; auto=&#8221;off&#8221; /][/et_pb_column][/et_pb_row][/et_pb_section]

<p><div class="et_pb_row et_pb_row_0 et_pb_row_empty">
				
				
				
				
				
			</div> Ufka Yolculuk 4 &#8211; Kars Ödülleri Sahiplerine Kavuştu Zinde Gençlik ve Şehristan Gençlik derneklerinin Kars&#8217;ta birlikte organize ettiği Ufka Yolculuk 4 &#8220;Hadis&#8221; Yarışması&#8217;nın ödülleri, Kars Kültür Merkezi&#8217;nde 30 Nisan 2016 tarihinde yapılan görkemli bir törenle sahiplerine verildi. Programda 3 ayrı kategoride dereceye giren ilk 10 yarışmacıya ödülleri veridi. Ödüllerin yanı sıra Diyanet İşleri Başkanlığı [&hellip;]</p>
