{"id":1811,"date":"2024-05-03T10:21:58","date_gmt":"2024-05-03T07:21:58","guid":{"rendered":"https:\/\/sehristan.org\/?post_type=project&#038;p=1811"},"modified":"2024-05-03T11:04:35","modified_gmt":"2024-05-03T08:04:35","slug":"karsta-250-fidan","status":"publish","type":"project","link":"https:\/\/sehristan.org\/index.php\/project\/karsta-250-fidan\/","title":{"rendered":"Kars&#8217;ta 250 Fidan"},"content":{"rendered":"<p>[et_pb_section fb_built=&#8221;1&#8243; _builder_version=&#8221;4.16&#8243; global_colors_info=&#8221;{}&#8221;][et_pb_row _builder_version=&#8221;4.16&#8243; background_size=&#8221;initial&#8221; background_position=&#8221;top_left&#8221; background_repeat=&#8221;repeat&#8221; global_colors_info=&#8221;{}&#8221;][et_pb_column type=&#8221;4_4&#8243; _builder_version=&#8221;4.16&#8243; custom_padding=&#8221;|||&#8221; global_colors_info=&#8221;{}&#8221; custom_padding__hover=&#8221;|||&#8221;][et_pb_text _builder_version=&#8221;4.25.0&#8243; global_colors_info=&#8221;{}&#8221;]<\/p>\n<p><strong>Kars&#8217;ta 250 fidan<\/strong><\/p>\n<p>\u015eehristan \u0130zcilik Spor Kul\u00fcb\u00fc ve \u00c7evre Kurulu\u015flar\u0131 Dayan\u0131\u015fma Derne\u011fi (\u00c7EK\u00dcD) ortakl\u0131\u011f\u0131nda Kars&#8217;ta 2024 y\u0131l\u0131 bahar sezonunda yakla\u015f\u0131k 250 a\u011fa\u00e7 dikildi.<\/p>\n<p>\u00c7e\u015fitli orman meyve a\u011fa\u00e7lar\u0131n\u0131n dikimi b\u00fcy\u00fck bir \u00f6zveri ile \u00c7EK\u00dcD g\u00f6n\u00fcll\u00fcleri taraf\u0131ndan ger\u00e7ekle\u015ftirildi.<\/p>\n<p>\u015eehristan \u0130zcilik Spor Kul\u00fcb\u00fc yetkilileri, dikilen a\u011fa\u00e7lar\u0131n gerekli bak\u0131mlar\u0131n\u0131n yap\u0131laca\u011f\u0131n\u0131 bildirdi.\u00a0<\/p>\n<p>[\/et_pb_text][et_pb_gallery gallery_ids=&#8221;1813,1814,1821,1815&#8243; show_title_and_caption=&#8221;off&#8221; zoom_icon_color=&#8221;#81d742&#8243; _builder_version=&#8221;4.25.0&#8243; title_font_size=&#8221;16px&#8221; hover_enabled=&#8221;0&#8243; global_colors_info=&#8221;{}&#8221; sticky_enabled=&#8221;0&#8243; caption_font_size=&#8221;14px&#8221;][\/et_pb_gallery][\/et_pb_column][\/et_pb_row][\/et_pb_section]<\/p>\n","protected":false},"excerpt":{"rendered":"<p>Kars&#8217;ta 250 fidan \u015eehristan \u0130zcilik Spor Kul\u00fcb\u00fc ve \u00c7evre Kurulu\u015flar\u0131 Dayan\u0131\u015fma Derne\u011fi (\u00c7EK\u00dcD) ortakl\u0131\u011f\u0131nda Kars&#8217;ta 2024 y\u0131l\u0131 bahar sezonunda yakla\u015f\u0131k 250 a\u011fa\u00e7 dikildi. \u00c7e\u015fitli orman meyve a\u011fa\u00e7lar\u0131n\u0131n dikimi b\u00fcy\u00fck bir \u00f6zveri ile \u00c7EK\u00dcD g\u00f6n\u00fcll\u00fcleri taraf\u0131ndan ger\u00e7ekle\u015ftirildi. \u015eehristan \u0130zcilik Spor Kul\u00fcb\u00fc yetkilileri, dikilen a\u011fa\u00e7lar\u0131n gerekli bak\u0131mlar\u0131n\u0131n yap\u0131laca\u011f\u0131n\u0131 bildirdi.\u00a0<\/p>\n","protected":false},"author":2,"featured_media":0,"comment_status":"open","ping_status":"closed","template":"","meta":{"_et_pb_use_builder":"on","_et_pb_old_content":"","_et_gb_content_width":"","footnotes":""},"project_category":[29],"project_tag":[30],"class_list":["post-1811","project","type-project","status-publish","hentry","project_category-cevre","project_tag-cevre"],"_links":{"self":[{"href":"https:\/\/sehristan.org\/index.php\/wp-json\/wp\/v2\/project\/1811","targetHints":{"allow":["GET"]}}],"collection":[{"href":"https:\/\/sehristan.org\/index.php\/wp-json\/wp\/v2\/project"}],"about":[{"href":"https:\/\/sehristan.org\/index.php\/wp-json\/wp\/v2\/types\/project"}],"author":[{"embeddable":true,"href":"https:\/\/sehristan.org\/index.php\/wp-json\/wp\/v2\/users\/2"}],"replies":[{"embeddable":true,"href":"https:\/\/sehristan.org\/index.php\/wp-json\/wp\/v2\/comments?post=1811"}],"version-history":[{"count":14,"href":"https:\/\/sehristan.org\/index.php\/wp-json\/wp\/v2\/project\/1811\/revisions"}],"predecessor-version":[{"id":1836,"href":"https:\/\/sehristan.org\/index.php\/wp-json\/wp\/v2\/project\/1811\/revisions\/1836"}],"wp:attachment":[{"href":"https:\/\/sehristan.org\/index.php\/wp-json\/wp\/v2\/media?parent=1811"}],"wp:term":[{"taxonomy":"project_category","embeddable":true,"href":"https:\/\/sehristan.org\/index.php\/wp-json\/wp\/v2\/project_category?post=1811"},{"taxonomy":"project_tag","embeddable":true,"href":"https:\/\/sehristan.org\/index.php\/wp-json\/wp\/v2\/project_tag?post=1811"}],"curies":[{"name":"wp","href":"https:\/\/api.w.org\/{rel}","templated":true}]}}

<p>[et_pb_section fb_built=&#8221;1&#8243; _builder_version=&#8221;4.16&#8243; global_colors_info=&#8221;{}&#8221;][et_pb_row _builder_version=&#8221;4.16&#8243; background_size=&#8221;initial&#8221; background_position=&#8221;top_left&#8221; background_repeat=&#8221;repeat&#8221; global_colors_info=&#8221;{}&#8221;][et_pb_column type=&#8221;4_4&#8243; _builder_version=&#8221;4.16&#8243; custom_padding=&#8221;|||&#8221; global_colors_info=&#8221;{}&#8221; custom_padding__hover=&#8221;|||&#8221;][et_pb_text _builder_version=&#8221;4.25.0&#8243; global_colors_info=&#8221;{}&#8221;]</p>
<p><strong>Kars&#8217;ta 250 fidan</strong></p>
<p>Şehristan İzcilik Spor Kulübü ve Çevre Kuruluşları Dayanışma Derneği (ÇEKÜD) ortaklığında Kars&#8217;ta 2024 yılı bahar sezonunda yaklaşık 250 ağaç dikildi.</p>
<p>Çeşitli orman meyve ağaçlarının dikimi büyük bir özveri ile ÇEKÜD gönüllüleri tarafından gerçekleştirildi.</p>
<p>Şehristan İzcilik Spor Kulübü yetkilileri, dikilen ağaçların gerekli bakımlarının yapılacağını bildirdi. </p>
<p>[/et_pb_text][et_pb_gallery gallery_ids=&#8221;1813,1814,1821,1815&#8243; show_title_and_caption=&#8221;off&#8221; zoom_icon_color=&#8221;#81d742&#8243; _builder_version=&#8221;4.25.0&#8243; title_font_size=&#8221;16px&#8221; hover_enabled=&#8221;0&#8243; global_colors_info=&#8221;{}&#8221; sticky_enabled=&#8221;0&#8243; caption_font_size=&#8221;14px&#8221;][/et_pb_gallery][/et_pb_column][/et_pb_row][/et_pb_section]</p>

<p>Kars&#8217;ta 250 fidan Şehristan İzcilik Spor Kulübü ve Çevre Kuruluşları Dayanışma Derneği (ÇEKÜD) ortaklığında Kars&#8217;ta 2024 yılı bahar sezonunda yaklaşık 250 ağaç dikildi. Çeşitli orman meyve ağaçlarının dikimi büyük bir özveri ile ÇEKÜD gönüllüleri tarafından gerçekleştirildi. Şehristan İzcilik Spor Kulübü yetkilileri, dikilen ağaçların gerekli bakımlarının yapılacağını bildirdi. </p>
