{"id":1773,"date":"2024-01-05T12:29:07","date_gmt":"2024-01-05T09:29:07","guid":{"rendered":"https:\/\/sehristan.org\/?post_type=project&#038;p=1773"},"modified":"2024-01-05T12:37:35","modified_gmt":"2024-01-05T09:37:35","slug":"haydi-cocuklar-camiye-2024-kayitlari-basladi","status":"publish","type":"project","link":"https:\/\/sehristan.org\/index.php\/project\/haydi-cocuklar-camiye-2024-kayitlari-basladi\/","title":{"rendered":"Haydi \u00c7ocuklar Camiye 2024 Kay\u0131tlar\u0131 Ba\u015flad\u0131"},"content":{"rendered":"<p>[et_pb_section fb_built=&#8221;1&#8243; _builder_version=&#8221;4.23.4&#8243; global_colors_info=&#8221;{}&#8221;][et_pb_row _builder_version=&#8221;4.23.4&#8243; background_size=&#8221;initial&#8221; background_position=&#8221;top_left&#8221; background_repeat=&#8221;repeat&#8221; global_colors_info=&#8221;{}&#8221;][et_pb_column type=&#8221;4_4&#8243; _builder_version=&#8221;4.23.4&#8243; custom_padding=&#8221;|||&#8221; global_colors_info=&#8221;{}&#8221; custom_padding__hover=&#8221;|||&#8221;][et_pb_text _builder_version=&#8221;4.23.4&#8243; global_colors_info=&#8221;{}&#8221;]<\/p>\n<div class=\"et_pb_module et_pb_text et_pb_text_0  et_pb_text_align_left et_pb_bg_layout_light\">\n<div class=\"et_pb_text_inner\">\n<p><strong><span style=\"font-size: x-large;\">Haydi \u00c7ocuklar Camiye Yar\u0131\u015fmas\u0131<\/span><br \/><\/strong><\/p>\n<article>\n<div itemprop=\"articleBody\">\n<p>&nbsp;<\/p>\n<p><strong>Sevgili \u00c7ocuklar Haydi<\/strong><span style=\"font-size: 14px;\"> \u2757<\/span><\/p>\n<p>Haydi \u00c7ocuklar Camiye, bu yar\u0131 y\u0131l tatilinde de \u00e7ok g\u00fczel \u00f6d\u00fcllerle sizlerle&#8230;<\/p>\n<p>Namazlar\u0131m\u0131z\u0131 k\u0131l\u0131yor, puanlar\u0131m\u0131z\u0131 topluyoruz, sonraaaa..<\/p>\n<p><strong>\u00c7ekili\u015f ile 40 adet haydi \u00e7ocuklar camiye hediye paketi<\/strong><\/p>\n<p>Kars&#8217;ta 22-31 Ocak tarihleri aras\u0131nda yar\u0131\u015fmaya kat\u0131lan 6-13 ya\u015f aras\u0131 ve;<br \/>350 puana ula\u015fan k\u0131z \u00e7ocuklar,<br \/>380 puana ula\u015fan erkek \u00e7ocuklar,<br \/>\u00e7ekili\u015fe kat\u0131lma hakk\u0131na sahip olacaklar.<\/p>\n<p>Ve ayr\u0131ca <strong>s\u00fcrpriz hediyeler<\/strong> sizleri bekliyor.<\/p>\n<p><strong>Unutmay\u0131n<\/strong> \u2757<br \/>Kay\u0131tlar ba\u015flad\u0131,<br \/>Yar\u0131\u015fma 22 Ocak&#8217;ta ba\u015fl\u0131yor<\/p>\n<p><strong>Kay\u0131t ve Bilgi<\/strong> \ud83d\udc47<br \/><a href=\"https:\/\/www.haydicocuklarcamiye.com\/\">https:\/\/www.haydicocuklarcamiye.com\/<\/a><\/p>\n<p>&nbsp;<\/p>\n<p><img loading=\"lazy\" decoding=\"async\" src=\"https:\/\/sehristan.org\/wp-content\/uploads\/2024\/01\/HCC-2024-2-716x1024.jpeg\" width=\"716\" height=\"1024\" alt=\"\" class=\"wp-image-1776 alignnone size-large\" \/><\/p>\n<p>&nbsp;<\/p>\n<\/div>\n<\/article>\n<\/div>\n<\/div>\n<p><strong>\u00a0<\/strong><\/p>\n<p>[\/et_pb_text][\/et_pb_column][\/et_pb_row][et_pb_row _builder_version=&#8221;4.17.4&#8243; _module_preset=&#8221;default&#8221; global_colors_info=&#8221;{}&#8221;][et_pb_column type=&#8221;4_4&#8243; _builder_version=&#8221;4.17.4&#8243; _module_preset=&#8221;default&#8221; global_colors_info=&#8221;{}&#8221;][\/et_pb_column][\/et_pb_row][\/et_pb_section][et_pb_section fb_built=&#8221;1&#8243; _builder_version=&#8221;4.23.4&#8243; _module_preset=&#8221;default&#8221; global_colors_info=&#8221;{}&#8221;][et_pb_row _builder_version=&#8221;4.23.4&#8243; _module_preset=&#8221;default&#8221; global_colors_info=&#8221;{}&#8221;][et_pb_column type=&#8221;4_4&#8243; _builder_version=&#8221;4.23.4&#8243; _module_preset=&#8221;default&#8221; global_colors_info=&#8221;{}&#8221;][\/et_pb_column][\/et_pb_row][\/et_pb_section][et_pb_section fb_built=&#8221;1&#8243; _builder_version=&#8221;4.23.4&#8243; _module_preset=&#8221;default&#8221; global_colors_info=&#8221;{}&#8221;][et_pb_row _builder_version=&#8221;4.23.4&#8243; _module_preset=&#8221;default&#8221; global_colors_info=&#8221;{}&#8221;][et_pb_column type=&#8221;4_4&#8243; _builder_version=&#8221;4.23.4&#8243; _module_preset=&#8221;default&#8221; global_colors_info=&#8221;{}&#8221;][\/et_pb_column][\/et_pb_row][\/et_pb_section]<\/p>\n","protected":false},"excerpt":{"rendered":"<p>Haydi \u00c7ocuklar Camiye Yar\u0131\u015fmas\u0131 &nbsp; Sevgili \u00c7ocuklar Haydi \u2757 Haydi \u00c7ocuklar Camiye, bu yar\u0131 y\u0131l tatilinde de \u00e7ok g\u00fczel \u00f6d\u00fcllerle sizlerle&#8230; Namazlar\u0131m\u0131z\u0131 k\u0131l\u0131yor, puanlar\u0131m\u0131z\u0131 topluyoruz, sonraaaa.. \u00c7ekili\u015f ile 40 adet haydi \u00e7ocuklar camiye hediye paketi Kars&#8217;ta 22-31 Ocak tarihleri aras\u0131nda yar\u0131\u015fmaya kat\u0131lan 6-13 ya\u015f aras\u0131 ve;350 puana ula\u015fan k\u0131z \u00e7ocuklar,380 puana ula\u015fan erkek \u00e7ocuklar,\u00e7ekili\u015fe kat\u0131lma [&hellip;]<\/p>\n","protected":false},"author":2,"featured_media":1779,"comment_status":"open","ping_status":"closed","template":"","meta":{"_et_pb_use_builder":"on","_et_pb_old_content":"","_et_gb_content_width":"","footnotes":""},"project_category":[31],"project_tag":[32],"class_list":["post-1773","project","type-project","status-publish","has-post-thumbnail","hentry","project_category-haydi-cocuklar-camiye","project_tag-haydi-cocuklar-camiye"],"_links":{"self":[{"href":"https:\/\/sehristan.org\/index.php\/wp-json\/wp\/v2\/project\/1773","targetHints":{"allow":["GET"]}}],"collection":[{"href":"https:\/\/sehristan.org\/index.php\/wp-json\/wp\/v2\/project"}],"about":[{"href":"https:\/\/sehristan.org\/index.php\/wp-json\/wp\/v2\/types\/project"}],"author":[{"embeddable":true,"href":"https:\/\/sehristan.org\/index.php\/wp-json\/wp\/v2\/users\/2"}],"replies":[{"embeddable":true,"href":"https:\/\/sehristan.org\/index.php\/wp-json\/wp\/v2\/comments?post=1773"}],"version-history":[{"count":6,"href":"https:\/\/sehristan.org\/index.php\/wp-json\/wp\/v2\/project\/1773\/revisions"}],"predecessor-version":[{"id":1786,"href":"https:\/\/sehristan.org\/index.php\/wp-json\/wp\/v2\/project\/1773\/revisions\/1786"}],"wp:featuredmedia":[{"embeddable":true,"href":"https:\/\/sehristan.org\/index.php\/wp-json\/wp\/v2\/media\/1779"}],"wp:attachment":[{"href":"https:\/\/sehristan.org\/index.php\/wp-json\/wp\/v2\/media?parent=1773"}],"wp:term":[{"taxonomy":"project_category","embeddable":true,"href":"https:\/\/sehristan.org\/index.php\/wp-json\/wp\/v2\/project_category?post=1773"},{"taxonomy":"project_tag","embeddable":true,"href":"https:\/\/sehristan.org\/index.php\/wp-json\/wp\/v2\/project_tag?post=1773"}],"curies":[{"name":"wp","href":"https:\/\/api.w.org\/{rel}","templated":true}]}}

Haydi Çocuklar Camiye 2024 Kayıtları Başladı

<p>[et_pb_section fb_built=&#8221;1&#8243; _builder_version=&#8221;4.23.4&#8243; global_colors_info=&#8221;{}&#8221;][et_pb_row _builder_version=&#8221;4.23.4&#8243; background_size=&#8221;initial&#8221; background_position=&#8221;top_left&#8221; background_repeat=&#8221;repeat&#8221; global_colors_info=&#8221;{}&#8221;][et_pb_column type=&#8221;4_4&#8243; _builder_version=&#8221;4.23.4&#8243; custom_padding=&#8221;|||&#8221; global_colors_info=&#8221;{}&#8221; custom_padding__hover=&#8221;|||&#8221;][et_pb_text _builder_version=&#8221;4.23.4&#8243; global_colors_info=&#8221;{}&#8221;]</p>
<div class="et_pb_module et_pb_text et_pb_text_0  et_pb_text_align_left et_pb_bg_layout_light">
<div class="et_pb_text_inner">
<p><strong><span style="font-size: x-large;">Haydi Çocuklar Camiye Yarışması</span><br /></strong></p>
<article>
<div itemprop="articleBody">
<p>&nbsp;</p>
<p><strong>Sevgili Çocuklar Haydi</strong><span style="font-size: 14px;"> ❗</span></p>
<p>Haydi Çocuklar Camiye, bu yarı yıl tatilinde de çok güzel ödüllerle sizlerle&#8230;</p>
<p>Namazlarımızı kılıyor, puanlarımızı topluyoruz, sonraaaa..</p>
<p><strong>Çekiliş ile 40 adet haydi çocuklar camiye hediye paketi</strong></p>
<p>Kars&#8217;ta 22-31 Ocak tarihleri arasında yarışmaya katılan 6-13 yaş arası ve;<br />350 puana ulaşan kız çocuklar,<br />380 puana ulaşan erkek çocuklar,<br />çekilişe katılma hakkına sahip olacaklar.</p>
<p>Ve ayrıca <strong>sürpriz hediyeler</strong> sizleri bekliyor.</p>
<p><strong>Unutmayın</strong> ❗<br />Kayıtlar başladı,<br />Yarışma 22 Ocak&#8217;ta başlıyor</p>
<p><strong>Kayıt ve Bilgi</strong> 👇<br /><a href="https://www.haydicocuklarcamiye.com/">https://www.haydicocuklarcamiye.com/</a></p>
<p>&nbsp;</p>
<p><img loading="lazy" decoding="async" src="https://sehristan.org/wp-content/uploads/2024/01/HCC-2024-2-716x1024.jpeg" width="716" height="1024" alt="" class="wp-image-1776 alignnone size-large" /></p>
<p>&nbsp;</p>
</div>
</article>
</div>
</div>
<p><strong> </strong></p>
<p>[/et_pb_text][/et_pb_column][/et_pb_row][et_pb_row _builder_version=&#8221;4.17.4&#8243; _module_preset=&#8221;default&#8221; global_colors_info=&#8221;{}&#8221;][et_pb_column type=&#8221;4_4&#8243; _builder_version=&#8221;4.17.4&#8243; _module_preset=&#8221;default&#8221; global_colors_info=&#8221;{}&#8221;][/et_pb_column][/et_pb_row][/et_pb_section][et_pb_section fb_built=&#8221;1&#8243; _builder_version=&#8221;4.23.4&#8243; _module_preset=&#8221;default&#8221; global_colors_info=&#8221;{}&#8221;][et_pb_row _builder_version=&#8221;4.23.4&#8243; _module_preset=&#8221;default&#8221; global_colors_info=&#8221;{}&#8221;][et_pb_column type=&#8221;4_4&#8243; _builder_version=&#8221;4.23.4&#8243; _module_preset=&#8221;default&#8221; global_colors_info=&#8221;{}&#8221;][/et_pb_column][/et_pb_row][/et_pb_section][et_pb_section fb_built=&#8221;1&#8243; _builder_version=&#8221;4.23.4&#8243; _module_preset=&#8221;default&#8221; global_colors_info=&#8221;{}&#8221;][et_pb_row _builder_version=&#8221;4.23.4&#8243; _module_preset=&#8221;default&#8221; global_colors_info=&#8221;{}&#8221;][et_pb_column type=&#8221;4_4&#8243; _builder_version=&#8221;4.23.4&#8243; _module_preset=&#8221;default&#8221; global_colors_info=&#8221;{}&#8221;][/et_pb_column][/et_pb_row][/et_pb_section]</p>

<p>Haydi Çocuklar Camiye Yarışması &nbsp; Sevgili Çocuklar Haydi ❗ Haydi Çocuklar Camiye, bu yarı yıl tatilinde de çok güzel ödüllerle sizlerle&#8230; Namazlarımızı kılıyor, puanlarımızı topluyoruz, sonraaaa.. Çekiliş ile 40 adet haydi çocuklar camiye hediye paketi Kars&#8217;ta 22-31 Ocak tarihleri arasında yarışmaya katılan 6-13 yaş arası ve;350 puana ulaşan kız çocuklar,380 puana ulaşan erkek çocuklar,çekilişe katılma [&hellip;]</p>
