{"id":1713,"date":"2023-03-17T14:39:21","date_gmt":"2023-03-17T11:39:21","guid":{"rendered":"https:\/\/sehristan.org\/?post_type=project&#038;p=1713"},"modified":"2023-03-17T14:50:50","modified_gmt":"2023-03-17T11:50:50","slug":"haydi-cocuklar-camiye-2023-odul-toreni","status":"publish","type":"project","link":"https:\/\/sehristan.org\/index.php\/project\/haydi-cocuklar-camiye-2023-odul-toreni\/","title":{"rendered":"Haydi \u00c7ocuklar Camiye 2023 \u00d6d\u00fcl T\u00f6reni"},"content":{"rendered":"<p>[et_pb_section fb_built=&#8221;1&#8243; _builder_version=&#8221;4.16&#8243; global_colors_info=&#8221;{}&#8221; theme_builder_area=&#8221;post_content&#8221;][et_pb_row _builder_version=&#8221;4.16&#8243; background_size=&#8221;initial&#8221; background_position=&#8221;top_left&#8221; background_repeat=&#8221;repeat&#8221; global_colors_info=&#8221;{}&#8221; theme_builder_area=&#8221;post_content&#8221;][et_pb_column type=&#8221;4_4&#8243; _builder_version=&#8221;4.16&#8243; custom_padding=&#8221;|||&#8221; global_colors_info=&#8221;{}&#8221; custom_padding__hover=&#8221;|||&#8221; theme_builder_area=&#8221;post_content&#8221;][et_pb_text _builder_version=&#8221;4.20.2&#8243; hover_enabled=&#8221;0&#8243; global_colors_info=&#8221;{}&#8221; theme_builder_area=&#8221;post_content&#8221; sticky_enabled=&#8221;0&#8243;]<\/p>\n<div class=\"et_pb_module et_pb_text et_pb_text_0  et_pb_text_align_left et_pb_bg_layout_light\">\n<div class=\"et_pb_text_inner\">\n<p><strong>Kars&#8217;ta &#8216;Haydi \u00c7ocuklar Camiye&#8217; 2023 \u00f6d\u00fclleri sahiplerini buldu<\/strong><\/p>\n<p>6-13 ya\u015f aras\u0131 \u00e7ocuklara namaz al\u0131\u015fkanl\u0131\u011f\u0131 kazand\u0131rma amac\u0131yla &#8216;Namaz\u0131n\u0131 K\u0131l, Puan\u0131n\u0131 Topla, \u00d6d\u00fcl\u00fcn\u00fc Al&#8217; slogan\u0131 ile t\u00fcm T\u00fcrkiyede yar\u0131y\u0131l tatilinde &#8216;Haydi \u00c7ocuklar Camiye&#8217; yar\u0131\u015fmas\u0131 d\u00fczenlendi.<\/p>\n<p>Yar\u0131\u015fman\u0131n Kars ilindeki organizasyonu \u015eehristan Gen\u00e7lik Spor ve \u0130zcilik Kul\u00fcb\u00fc taraf\u0131ndan ger\u00e7ekle\u015ftirildi.<\/p>\n<p>Kars&#8217;ta da Merkez Evliya Camiinde d\u00fczenlenen \u00f6d\u00fcl t\u00f6reninde 36 minik yavruya ak\u0131ll\u0131 saat ba\u015fta olmak \u00fczere \u00e7e\u015fitli hediyeler verilerek \u00e7ocuklar sevindirildi.<\/p>\n<\/div>\n<\/div>\n<p><strong>\u00a0<\/strong><\/p>\n<p>[\/et_pb_text][et_pb_gallery gallery_ids=&#8221;1716,1717,1718,1719,1720,1721,1722,1723,1724,1725,1726,1727&#8243; show_title_and_caption=&#8221;off&#8221; zoom_icon_color=&#8221;#81d742&#8243; _builder_version=&#8221;4.20.2&#8243; caption_text_color=&#8221;RGBA(255,255,255,0)&#8221; hover_enabled=&#8221;0&#8243; global_colors_info=&#8221;{}&#8221; theme_builder_area=&#8221;post_content&#8221; sticky_enabled=&#8221;0&#8243;][\/et_pb_gallery][\/et_pb_column][\/et_pb_row][et_pb_row _builder_version=&#8221;4.17.4&#8243; _module_preset=&#8221;default&#8221; global_colors_info=&#8221;{}&#8221; theme_builder_area=&#8221;post_content&#8221;][et_pb_column type=&#8221;4_4&#8243; _builder_version=&#8221;4.17.4&#8243; _module_preset=&#8221;default&#8221; global_colors_info=&#8221;{}&#8221; theme_builder_area=&#8221;post_content&#8221;][\/et_pb_column][\/et_pb_row][\/et_pb_section]<\/p>\n","protected":false},"excerpt":{"rendered":"<p>Kars&#8217;ta &#8216;Haydi \u00c7ocuklar Camiye&#8217; 2023 \u00f6d\u00fclleri sahiplerini buldu 6-13 ya\u015f aras\u0131 \u00e7ocuklara namaz al\u0131\u015fkanl\u0131\u011f\u0131 kazand\u0131rma amac\u0131yla &#8216;Namaz\u0131n\u0131 K\u0131l, Puan\u0131n\u0131 Topla, \u00d6d\u00fcl\u00fcn\u00fc Al&#8217; slogan\u0131 ile t\u00fcm T\u00fcrkiyede yar\u0131y\u0131l tatilinde &#8216;Haydi \u00c7ocuklar Camiye&#8217; yar\u0131\u015fmas\u0131 d\u00fczenlendi. Yar\u0131\u015fman\u0131n Kars ilindeki organizasyonu \u015eehristan Gen\u00e7lik Spor ve \u0130zcilik Kul\u00fcb\u00fc taraf\u0131ndan ger\u00e7ekle\u015ftirildi. Kars&#8217;ta da Merkez Evliya Camiinde d\u00fczenlenen \u00f6d\u00fcl t\u00f6reninde 36 minik [&hellip;]<\/p>\n","protected":false},"author":2,"featured_media":0,"comment_status":"open","ping_status":"closed","template":"","meta":{"_et_pb_use_builder":"on","_et_pb_old_content":"","_et_gb_content_width":"","footnotes":""},"project_category":[31],"project_tag":[32],"class_list":["post-1713","project","type-project","status-publish","hentry","project_category-haydi-cocuklar-camiye","project_tag-haydi-cocuklar-camiye"],"_links":{"self":[{"href":"https:\/\/sehristan.org\/index.php\/wp-json\/wp\/v2\/project\/1713","targetHints":{"allow":["GET"]}}],"collection":[{"href":"https:\/\/sehristan.org\/index.php\/wp-json\/wp\/v2\/project"}],"about":[{"href":"https:\/\/sehristan.org\/index.php\/wp-json\/wp\/v2\/types\/project"}],"author":[{"embeddable":true,"href":"https:\/\/sehristan.org\/index.php\/wp-json\/wp\/v2\/users\/2"}],"replies":[{"embeddable":true,"href":"https:\/\/sehristan.org\/index.php\/wp-json\/wp\/v2\/comments?post=1713"}],"version-history":[{"count":6,"href":"https:\/\/sehristan.org\/index.php\/wp-json\/wp\/v2\/project\/1713\/revisions"}],"predecessor-version":[{"id":1739,"href":"https:\/\/sehristan.org\/index.php\/wp-json\/wp\/v2\/project\/1713\/revisions\/1739"}],"wp:attachment":[{"href":"https:\/\/sehristan.org\/index.php\/wp-json\/wp\/v2\/media?parent=1713"}],"wp:term":[{"taxonomy":"project_category","embeddable":true,"href":"https:\/\/sehristan.org\/index.php\/wp-json\/wp\/v2\/project_category?post=1713"},{"taxonomy":"project_tag","embeddable":true,"href":"https:\/\/sehristan.org\/index.php\/wp-json\/wp\/v2\/project_tag?post=1713"}],"curies":[{"name":"wp","href":"https:\/\/api.w.org\/{rel}","templated":true}]}}

Haydi Çocuklar Camiye 2023 Ödül Töreni

<p>[et_pb_section fb_built=&#8221;1&#8243; _builder_version=&#8221;4.16&#8243; global_colors_info=&#8221;{}&#8221; theme_builder_area=&#8221;post_content&#8221;][et_pb_row _builder_version=&#8221;4.16&#8243; background_size=&#8221;initial&#8221; background_position=&#8221;top_left&#8221; background_repeat=&#8221;repeat&#8221; global_colors_info=&#8221;{}&#8221; theme_builder_area=&#8221;post_content&#8221;][et_pb_column type=&#8221;4_4&#8243; _builder_version=&#8221;4.16&#8243; custom_padding=&#8221;|||&#8221; global_colors_info=&#8221;{}&#8221; custom_padding__hover=&#8221;|||&#8221; theme_builder_area=&#8221;post_content&#8221;][et_pb_text _builder_version=&#8221;4.20.2&#8243; hover_enabled=&#8221;0&#8243; global_colors_info=&#8221;{}&#8221; theme_builder_area=&#8221;post_content&#8221; sticky_enabled=&#8221;0&#8243;]</p>
<div class="et_pb_module et_pb_text et_pb_text_0  et_pb_text_align_left et_pb_bg_layout_light">
<div class="et_pb_text_inner">
<p><strong>Kars&#8217;ta &#8216;Haydi Çocuklar Camiye&#8217; 2023 ödülleri sahiplerini buldu</strong></p>
<p>6-13 yaş arası çocuklara namaz alışkanlığı kazandırma amacıyla &#8216;Namazını Kıl, Puanını Topla, Ödülünü Al&#8217; sloganı ile tüm Türkiyede yarıyıl tatilinde &#8216;Haydi Çocuklar Camiye&#8217; yarışması düzenlendi.</p>
<p>Yarışmanın Kars ilindeki organizasyonu Şehristan Gençlik Spor ve İzcilik Kulübü tarafından gerçekleştirildi.</p>
<p>Kars&#8217;ta da Merkez Evliya Camiinde düzenlenen ödül töreninde 36 minik yavruya akıllı saat başta olmak üzere çeşitli hediyeler verilerek çocuklar sevindirildi.</p>
</div>
</div>
<p><strong> </strong></p>
<p>[/et_pb_text][et_pb_gallery gallery_ids=&#8221;1716,1717,1718,1719,1720,1721,1722,1723,1724,1725,1726,1727&#8243; show_title_and_caption=&#8221;off&#8221; zoom_icon_color=&#8221;#81d742&#8243; _builder_version=&#8221;4.20.2&#8243; caption_text_color=&#8221;RGBA(255,255,255,0)&#8221; hover_enabled=&#8221;0&#8243; global_colors_info=&#8221;{}&#8221; theme_builder_area=&#8221;post_content&#8221; sticky_enabled=&#8221;0&#8243;][/et_pb_gallery][/et_pb_column][/et_pb_row][et_pb_row _builder_version=&#8221;4.17.4&#8243; _module_preset=&#8221;default&#8221; global_colors_info=&#8221;{}&#8221; theme_builder_area=&#8221;post_content&#8221;][et_pb_column type=&#8221;4_4&#8243; _builder_version=&#8221;4.17.4&#8243; _module_preset=&#8221;default&#8221; global_colors_info=&#8221;{}&#8221; theme_builder_area=&#8221;post_content&#8221;][/et_pb_column][/et_pb_row][/et_pb_section]</p>

<p>Kars&#8217;ta &#8216;Haydi Çocuklar Camiye&#8217; 2023 ödülleri sahiplerini buldu 6-13 yaş arası çocuklara namaz alışkanlığı kazandırma amacıyla &#8216;Namazını Kıl, Puanını Topla, Ödülünü Al&#8217; sloganı ile tüm Türkiyede yarıyıl tatilinde &#8216;Haydi Çocuklar Camiye&#8217; yarışması düzenlendi. Yarışmanın Kars ilindeki organizasyonu Şehristan Gençlik Spor ve İzcilik Kulübü tarafından gerçekleştirildi. Kars&#8217;ta da Merkez Evliya Camiinde düzenlenen ödül töreninde 36 minik [&hellip;]</p>
