{"id":1590,"date":"2022-07-04T13:30:30","date_gmt":"2022-07-04T10:30:30","guid":{"rendered":"https:\/\/sehristan.org\/?post_type=project&#038;p=1590"},"modified":"2023-01-07T07:55:00","modified_gmt":"2023-01-07T04:55:00","slug":"turkiye-6-si-karstan","status":"publish","type":"project","link":"https:\/\/sehristan.org\/index.php\/project\/turkiye-6-si-karstan\/","title":{"rendered":"T\u00fcrkiye 6.s\u0131 Kars&#8217;tan"},"content":{"rendered":"<p>[et_pb_section fb_built=&#8221;1&#8243; _builder_version=&#8221;4.16&#8243; global_colors_info=&#8221;{}&#8221;][et_pb_row _builder_version=&#8221;4.16&#8243; background_size=&#8221;initial&#8221; background_position=&#8221;top_left&#8221; background_repeat=&#8221;repeat&#8221; global_colors_info=&#8221;{}&#8221;][et_pb_column type=&#8221;4_4&#8243; _builder_version=&#8221;4.16&#8243; custom_padding=&#8221;|||&#8221; global_colors_info=&#8221;{}&#8221; custom_padding__hover=&#8221;|||&#8221;][et_pb_text _builder_version=&#8221;4.19.4&#8243; hover_enabled=&#8221;0&#8243; global_colors_info=&#8221;{}&#8221; sticky_enabled=&#8221;0&#8243;]<\/p>\n<p>Ufka Yolculuk 10 yar\u0131\u015fmas\u0131na Kars Sar\u0131kam\u0131\u015f Gazipa\u015fa Ortaokulundan kat\u0131lan ve Ortaokul kategorisinde T\u00fcrkiye 6.s\u0131 olan Beydanur Alkan&#8217;\u0131 ve okulumuzu tebrik ediyoruz.<\/p>\n<p><span>Say\u0131n Kaymakam\u0131m\u0131z Do\u011fan KEMELEK Ufka yolculuk bilgi ve k\u00fclt\u00fcr yar\u0131\u015fmas\u0131nda dereceye giren \u00f6\u011frencilerimizi ve il\u00e7e milli e\u011fitim m\u00fcd\u00fcr\u00fc Osman KIZILOK ile beraber \u00f6\u011fretmenlerimizi makam\u0131nda kubul etti. \u00d6\u011frencilere ba\u015far\u0131lar\u0131n devam\u0131n\u0131 dileyerek hediyelerini verdi.<\/span><\/p>\n<p>[\/et_pb_text][et_pb_gallery gallery_ids=&#8221;1578,1579,1580,1582,1581,1583,1586&#8243; show_title_and_caption=&#8221;off&#8221; zoom_icon_color=&#8221;#81d742&#8243; _builder_version=&#8221;4.17.4&#8243; caption_text_color=&#8221;RGBA(255,255,255,0)&#8221; global_colors_info=&#8221;{}&#8221;][\/et_pb_gallery][\/et_pb_column][\/et_pb_row][et_pb_row _builder_version=&#8221;4.17.4&#8243; _module_preset=&#8221;default&#8221; global_colors_info=&#8221;{}&#8221;][et_pb_column type=&#8221;4_4&#8243; _builder_version=&#8221;4.17.4&#8243; _module_preset=&#8221;default&#8221; global_colors_info=&#8221;{}&#8221;][\/et_pb_column][\/et_pb_row][\/et_pb_section]<\/p>\n","protected":false},"excerpt":{"rendered":"<p>Ufka Yolculuk 10 yar\u0131\u015fmas\u0131na Kars Sar\u0131kam\u0131\u015f Gazipa\u015fa Ortaokulundan kat\u0131lan ve Ortaokul kategorisinde T\u00fcrkiye 6.s\u0131 olan Beydanur Alkan&#8217;\u0131 ve okulumuzu tebrik ediyoruz. Say\u0131n Kaymakam\u0131m\u0131z Do\u011fan KEMELEK Ufka yolculuk bilgi ve k\u00fclt\u00fcr yar\u0131\u015fmas\u0131nda dereceye giren \u00f6\u011frencilerimizi ve il\u00e7e milli e\u011fitim m\u00fcd\u00fcr\u00fc Osman KIZILOK ile beraber \u00f6\u011fretmenlerimizi makam\u0131nda kubul etti. \u00d6\u011frencilere ba\u015far\u0131lar\u0131n devam\u0131n\u0131 dileyerek hediyelerini verdi.<\/p>\n","protected":false},"author":2,"featured_media":0,"comment_status":"open","ping_status":"closed","template":"","meta":{"_et_pb_use_builder":"on","_et_pb_old_content":"","_et_gb_content_width":"","footnotes":""},"project_category":[22],"project_tag":[25],"class_list":["post-1590","project","type-project","status-publish","hentry","project_category-ufka-yolculuk","project_tag-ufka-yolculuk"],"_links":{"self":[{"href":"https:\/\/sehristan.org\/index.php\/wp-json\/wp\/v2\/project\/1590","targetHints":{"allow":["GET"]}}],"collection":[{"href":"https:\/\/sehristan.org\/index.php\/wp-json\/wp\/v2\/project"}],"about":[{"href":"https:\/\/sehristan.org\/index.php\/wp-json\/wp\/v2\/types\/project"}],"author":[{"embeddable":true,"href":"https:\/\/sehristan.org\/index.php\/wp-json\/wp\/v2\/users\/2"}],"replies":[{"embeddable":true,"href":"https:\/\/sehristan.org\/index.php\/wp-json\/wp\/v2\/comments?post=1590"}],"version-history":[{"count":6,"href":"https:\/\/sehristan.org\/index.php\/wp-json\/wp\/v2\/project\/1590\/revisions"}],"predecessor-version":[{"id":1603,"href":"https:\/\/sehristan.org\/index.php\/wp-json\/wp\/v2\/project\/1590\/revisions\/1603"}],"wp:attachment":[{"href":"https:\/\/sehristan.org\/index.php\/wp-json\/wp\/v2\/media?parent=1590"}],"wp:term":[{"taxonomy":"project_category","embeddable":true,"href":"https:\/\/sehristan.org\/index.php\/wp-json\/wp\/v2\/project_category?post=1590"},{"taxonomy":"project_tag","embeddable":true,"href":"https:\/\/sehristan.org\/index.php\/wp-json\/wp\/v2\/project_tag?post=1590"}],"curies":[{"name":"wp","href":"https:\/\/api.w.org\/{rel}","templated":true}]}}

Türkiye 6.sı Kars&#8217;tan

<p>[et_pb_section fb_built=&#8221;1&#8243; _builder_version=&#8221;4.16&#8243; global_colors_info=&#8221;{}&#8221;][et_pb_row _builder_version=&#8221;4.16&#8243; background_size=&#8221;initial&#8221; background_position=&#8221;top_left&#8221; background_repeat=&#8221;repeat&#8221; global_colors_info=&#8221;{}&#8221;][et_pb_column type=&#8221;4_4&#8243; _builder_version=&#8221;4.16&#8243; custom_padding=&#8221;|||&#8221; global_colors_info=&#8221;{}&#8221; custom_padding__hover=&#8221;|||&#8221;][et_pb_text _builder_version=&#8221;4.19.4&#8243; hover_enabled=&#8221;0&#8243; global_colors_info=&#8221;{}&#8221; sticky_enabled=&#8221;0&#8243;]</p>
<p>Ufka Yolculuk 10 yarışmasına Kars Sarıkamış Gazipaşa Ortaokulundan katılan ve Ortaokul kategorisinde Türkiye 6.sı olan Beydanur Alkan&#8217;ı ve okulumuzu tebrik ediyoruz.</p>
<p><span>Sayın Kaymakamımız Doğan KEMELEK Ufka yolculuk bilgi ve kültür yarışmasında dereceye giren öğrencilerimizi ve ilçe milli eğitim müdürü Osman KIZILOK ile beraber öğretmenlerimizi makamında kubul etti. Öğrencilere başarıların devamını dileyerek hediyelerini verdi.</span></p>
<p>[/et_pb_text][et_pb_gallery gallery_ids=&#8221;1578,1579,1580,1582,1581,1583,1586&#8243; show_title_and_caption=&#8221;off&#8221; zoom_icon_color=&#8221;#81d742&#8243; _builder_version=&#8221;4.17.4&#8243; caption_text_color=&#8221;RGBA(255,255,255,0)&#8221; global_colors_info=&#8221;{}&#8221;][/et_pb_gallery][/et_pb_column][/et_pb_row][et_pb_row _builder_version=&#8221;4.17.4&#8243; _module_preset=&#8221;default&#8221; global_colors_info=&#8221;{}&#8221;][et_pb_column type=&#8221;4_4&#8243; _builder_version=&#8221;4.17.4&#8243; _module_preset=&#8221;default&#8221; global_colors_info=&#8221;{}&#8221;][/et_pb_column][/et_pb_row][/et_pb_section]</p>

<p>Ufka Yolculuk 10 yarışmasına Kars Sarıkamış Gazipaşa Ortaokulundan katılan ve Ortaokul kategorisinde Türkiye 6.sı olan Beydanur Alkan&#8217;ı ve okulumuzu tebrik ediyoruz. Sayın Kaymakamımız Doğan KEMELEK Ufka yolculuk bilgi ve kültür yarışmasında dereceye giren öğrencilerimizi ve ilçe milli eğitim müdürü Osman KIZILOK ile beraber öğretmenlerimizi makamında kubul etti. Öğrencilere başarıların devamını dileyerek hediyelerini verdi.</p>
