{"id":1094,"date":"2019-01-17T14:46:21","date_gmt":"2019-01-17T11:46:21","guid":{"rendered":"http:\/\/sehristan.org\/?post_type=project&#038;p=1094"},"modified":"2022-07-04T12:20:57","modified_gmt":"2022-07-04T09:20:57","slug":"haydi-cocuklar-camiye-2-kayitlari-basladi","status":"publish","type":"project","link":"https:\/\/sehristan.org\/index.php\/project\/haydi-cocuklar-camiye-2-kayitlari-basladi\/","title":{"rendered":"Haydi \u00c7ocuklar Camiye-2 Kay\u0131tlar\u0131 Ba\u015flad\u0131"},"content":{"rendered":"\n\n[et_pb_section fb_built=&#8221;1&#8243; _builder_version=&#8221;3.0.47&#8243;][et_pb_row _builder_version=&#8221;3.0.48&#8243; background_size=&#8221;initial&#8221; background_position=&#8221;top_left&#8221; background_repeat=&#8221;repeat&#8221;][et_pb_column type=&#8221;4_4&#8243; _builder_version=&#8221;3.0.47&#8243;][et_pb_text _builder_version=&#8221;3.19.18&#8243;]<p><strong>Yar\u0131y\u0131l Tatilinde &#8220;Haydi \u00c7ocuklar Camiye&#8221; Yar\u0131\u015fmas\u0131<\/strong><\/p>\n<p>2018-2019 e\u011fitim- \u00f6\u011fretim y\u0131l\u0131 ilk d\u00f6neminin tamamlanmas\u0131na g\u00fcnler kala \u00e7ocuklar\u0131n yar\u0131y\u0131l tatilini verimli ge\u00e7irmesi i\u00e7in t\u00fcm T\u00fcrkiye\u2019de \u2018Haydi \u00c7ocuklar Camiye\u2019 kampanyas\u0131 d\u00fczenleniyor.\u00a0Kars\u2019ta \u015eehristan Gen\u00e7lik Spor ve \u0130zcilik Kul\u00fcb\u00fc Derne\u011fi&#8217;nin y\u00fcr\u00fctt\u00fc\u011f\u00fc proje ile, 6-13 ya\u015f aras\u0131 erkek \u00e7ocuklara camide cemaatle namaz k\u0131lmay\u0131 sevdirmek ve bu al\u0131\u015fkanl\u0131\u011f\u0131 hayat tarz\u0131 haline getirmelerini sa\u011flamak ama\u00e7lan\u0131yor.<\/p>\n<p>\u201cHaydi \u00c7ocuklar Camiye\u201d projesi 21 Ocak 2019 Pazartesi g\u00fcn\u00fc Sabah Namaz\u0131 ile ba\u015flay\u0131p, 31 Ocak 2019 Per\u015fembe g\u00fcn\u00fc Yats\u0131 Namaz\u0131 ile sona erecek.<\/p>\n<p>Yar\u0131\u015fma T\u00fcrkiye genelinde yakla\u015f\u0131k 2500 camide, Kars ilinde ise 12 camide ger\u00e7ekle\u015fecek.<\/p>\n<p>\u00c7ocuklar her namaz vaktinde camide namaz k\u0131larak ve kendi kategorilerindeki sureleri ezberleyerek puan kazanacaklar. Proje sonunda en \u00e7ok puan\u0131 kazananlara kendi illerinde \u00f6d\u00fcller verilecek.<\/p>\n<p>Yar\u0131\u015fmada 6-13 ya\u015f aras\u0131 \u00e7ocuklar <strong>3 farkl\u0131 kategori<\/strong>de yar\u0131\u015facaklar.<\/p>\n<ul>\n<li>A Kategeorisi: 6,7 ya\u015f<\/li>\n<li>B Kategorisi: 8,9,10 ya\u015f<\/li>\n<li>C Kategorisi: 11,12,13 ya\u015f<\/li>\n<\/ul>\n<p><span style=\"font-size: 14px;\">Kars ilinde 3 ayr\u0131 kategorinin her birinde yar\u0131\u015fmac\u0131lara a\u015fa\u011f\u0131daki <\/span><strong style=\"font-size: 14px;\">\u00f6d\u00fcller<\/strong><span style=\"font-size: 14px;\"> verilecek:<\/span><\/p>\n<ul>\n<li>Birincilere kameral\u0131 drone,<\/li>\n<li>\u0130kincilere tablet,<\/li>\n<li>\u00dc\u00e7\u00fcnc\u00fclere kumandal\u0131 helikopter,<\/li>\n<li>Ayr\u0131ca t\u00fcm kat\u0131l\u0131mc\u0131lara s\u00fcrpriz hediyeler.<\/li>\n<\/ul>\n<p>Yar\u0131\u015fma Kars ilinde a\u015fa\u011f\u0131daki <strong>camiler<\/strong>de ger\u00e7ekle\u015fecek.<\/p>\n<ul>\n<li>Fethiye Camii (Merkez)<\/li>\n<li>\u0130stasyon Camii (Merkez)<\/li>\n<li>Hac\u0131 Halil Camii (Merkez)<\/li>\n<li>D.S.\u0130. Camii (Merkez)<\/li>\n<li>Yeni\u015fehir Toki Camii (Merkez)<\/li>\n<li>Hz. Hamza Camii (Ka\u011f\u0131zman)<\/li>\n<li>\u00c7ar\u015f\u0131 Camii (Sar\u0131kam\u0131\u015f)<\/li>\n<li>\u0130stasyon Camii (Akyaka)<\/li>\n<li>Merkez Camii (Arpa\u00e7ay)<\/li>\n<li>Merkez Camii (Susuz)<\/li>\n<li>Merkez Camii (Digor)<\/li>\n<li>Merkez Camii (Selim)<\/li>\n<\/ul>\n<p>&nbsp;<\/p>[\/et_pb_text][et_pb_gallery gallery_ids=&#8221;1096&#8243; fullwidth=&#8221;on&#8221; _builder_version=&#8221;3.19.18&#8243; max_width=&#8221;70%&#8221;][\/et_pb_gallery][\/et_pb_column][\/et_pb_row][\/et_pb_section]\n\n","protected":false},"excerpt":{"rendered":"<p>Yar\u0131y\u0131l Tatilinde &#8220;Haydi \u00c7ocuklar Camiye&#8221; Yar\u0131\u015fmas\u0131 2018-2019 e\u011fitim- \u00f6\u011fretim y\u0131l\u0131 ilk d\u00f6neminin tamamlanmas\u0131na g\u00fcnler kala \u00e7ocuklar\u0131n yar\u0131y\u0131l tatilini verimli ge\u00e7irmesi i\u00e7in t\u00fcm T\u00fcrkiye\u2019de \u2018Haydi \u00c7ocuklar Camiye\u2019 kampanyas\u0131 d\u00fczenleniyor.\u00a0Kars\u2019ta \u015eehristan Gen\u00e7lik Spor ve \u0130zcilik Kul\u00fcb\u00fc Derne\u011fi&#8217;nin y\u00fcr\u00fctt\u00fc\u011f\u00fc proje ile, 6-13 ya\u015f aras\u0131 erkek \u00e7ocuklara camide cemaatle namaz k\u0131lmay\u0131 sevdirmek ve bu al\u0131\u015fkanl\u0131\u011f\u0131 hayat tarz\u0131 haline getirmelerini [&hellip;]<\/p>\n","protected":false},"author":2,"featured_media":0,"comment_status":"open","ping_status":"closed","template":"","meta":{"_et_pb_use_builder":"on","_et_pb_old_content":"","_et_gb_content_width":"","footnotes":""},"project_category":[31],"project_tag":[32],"class_list":["post-1094","project","type-project","status-publish","hentry","project_category-haydi-cocuklar-camiye","project_tag-haydi-cocuklar-camiye"],"_links":{"self":[{"href":"https:\/\/sehristan.org\/index.php\/wp-json\/wp\/v2\/project\/1094","targetHints":{"allow":["GET"]}}],"collection":[{"href":"https:\/\/sehristan.org\/index.php\/wp-json\/wp\/v2\/project"}],"about":[{"href":"https:\/\/sehristan.org\/index.php\/wp-json\/wp\/v2\/types\/project"}],"author":[{"embeddable":true,"href":"https:\/\/sehristan.org\/index.php\/wp-json\/wp\/v2\/users\/2"}],"replies":[{"embeddable":true,"href":"https:\/\/sehristan.org\/index.php\/wp-json\/wp\/v2\/comments?post=1094"}],"version-history":[{"count":11,"href":"https:\/\/sehristan.org\/index.php\/wp-json\/wp\/v2\/project\/1094\/revisions"}],"predecessor-version":[{"id":1211,"href":"https:\/\/sehristan.org\/index.php\/wp-json\/wp\/v2\/project\/1094\/revisions\/1211"}],"wp:attachment":[{"href":"https:\/\/sehristan.org\/index.php\/wp-json\/wp\/v2\/media?parent=1094"}],"wp:term":[{"taxonomy":"project_category","embeddable":true,"href":"https:\/\/sehristan.org\/index.php\/wp-json\/wp\/v2\/project_category?post=1094"},{"taxonomy":"project_tag","embeddable":true,"href":"https:\/\/sehristan.org\/index.php\/wp-json\/wp\/v2\/project_tag?post=1094"}],"curies":[{"name":"wp","href":"https:\/\/api.w.org\/{rel}","templated":true}]}}

Haydi Çocuklar Camiye-2 Kayıtları Başladı

[et_pb_section fb_built=&#8221;1&#8243; _builder_version=&#8221;3.0.47&#8243;][et_pb_row _builder_version=&#8221;3.0.48&#8243; background_size=&#8221;initial&#8221; background_position=&#8221;top_left&#8221; background_repeat=&#8221;repeat&#8221;][et_pb_column type=&#8221;4_4&#8243; _builder_version=&#8221;3.0.47&#8243;][et_pb_text _builder_version=&#8221;3.19.18&#8243;]<p><strong>Yarıyıl Tatilinde &#8220;Haydi Çocuklar Camiye&#8221; Yarışması</strong></p>
<p>2018-2019 eğitim- öğretim yılı ilk döneminin tamamlanmasına günler kala çocukların yarıyıl tatilini verimli geçirmesi için tüm Türkiye’de ‘Haydi Çocuklar Camiye’ kampanyası düzenleniyor. Kars’ta Şehristan Gençlik Spor ve İzcilik Kulübü Derneği&#8217;nin yürüttüğü proje ile, 6-13 yaş arası erkek çocuklara camide cemaatle namaz kılmayı sevdirmek ve bu alışkanlığı hayat tarzı haline getirmelerini sağlamak amaçlanıyor.</p>
<p>“Haydi Çocuklar Camiye” projesi 21 Ocak 2019 Pazartesi günü Sabah Namazı ile başlayıp, 31 Ocak 2019 Perşembe günü Yatsı Namazı ile sona erecek.</p>
<p>Yarışma Türkiye genelinde yaklaşık 2500 camide, Kars ilinde ise 12 camide gerçekleşecek.</p>
<p>Çocuklar her namaz vaktinde camide namaz kılarak ve kendi kategorilerindeki sureleri ezberleyerek puan kazanacaklar. Proje sonunda en çok puanı kazananlara kendi illerinde ödüller verilecek.</p>
<p>Yarışmada 6-13 yaş arası çocuklar <strong>3 farklı kategori</strong>de yarışacaklar.</p>
<ul>
<li>A Kategeorisi: 6,7 yaş</li>
<li>B Kategorisi: 8,9,10 yaş</li>
<li>C Kategorisi: 11,12,13 yaş</li>
</ul>
<p><span style="font-size: 14px;">Kars ilinde 3 ayrı kategorinin her birinde yarışmacılara aşağıdaki </span><strong style="font-size: 14px;">ödüller</strong><span style="font-size: 14px;"> verilecek:</span></p>
<ul>
<li>Birincilere kameralı drone,</li>
<li>İkincilere tablet,</li>
<li>Üçüncülere kumandalı helikopter,</li>
<li>Ayrıca tüm katılımcılara sürpriz hediyeler.</li>
</ul>
<p>Yarışma Kars ilinde aşağıdaki <strong>camiler</strong>de gerçekleşecek.</p>
<ul>
<li>Fethiye Camii (Merkez)</li>
<li>İstasyon Camii (Merkez)</li>
<li>Hacı Halil Camii (Merkez)</li>
<li>D.S.İ. Camii (Merkez)</li>
<li>Yenişehir Toki Camii (Merkez)</li>
<li>Hz. Hamza Camii (Kağızman)</li>
<li>Çarşı Camii (Sarıkamış)</li>
<li>İstasyon Camii (Akyaka)</li>
<li>Merkez Camii (Arpaçay)</li>
<li>Merkez Camii (Susuz)</li>
<li>Merkez Camii (Digor)</li>
<li>Merkez Camii (Selim)</li>
</ul>
<p>&nbsp;</p>[/et_pb_text][et_pb_gallery gallery_ids=&#8221;1096&#8243; fullwidth=&#8221;on&#8221; _builder_version=&#8221;3.19.18&#8243; max_width=&#8221;70%&#8221;][/et_pb_gallery][/et_pb_column][/et_pb_row][/et_pb_section]

<p>Yarıyıl Tatilinde &#8220;Haydi Çocuklar Camiye&#8221; Yarışması 2018-2019 eğitim- öğretim yılı ilk döneminin tamamlanmasına günler kala çocukların yarıyıl tatilini verimli geçirmesi için tüm Türkiye’de ‘Haydi Çocuklar Camiye’ kampanyası düzenleniyor. Kars’ta Şehristan Gençlik Spor ve İzcilik Kulübü Derneği&#8217;nin yürüttüğü proje ile, 6-13 yaş arası erkek çocuklara camide cemaatle namaz kılmayı sevdirmek ve bu alışkanlığı hayat tarzı haline getirmelerini [&hellip;]</p>
