{"id":1056,"date":"2019-01-08T11:40:10","date_gmt":"2019-01-08T08:40:10","guid":{"rendered":"http:\/\/sehristan.org\/?post_type=project&#038;p=1056"},"modified":"2019-03-10T12:59:58","modified_gmt":"2019-03-10T09:59:58","slug":"ufka-yolculuk7-kayitlari-basladi","status":"publish","type":"project","link":"https:\/\/sehristan.org\/index.php\/project\/ufka-yolculuk7-kayitlari-basladi\/","title":{"rendered":"Ufka Yolculuk-7 Kay\u0131tlar\u0131 Ba\u015flad\u0131"},"content":{"rendered":"\n\n\n\n[et_pb_section bb_built=&#8221;1&#8243;][et_pb_row][et_pb_column type=&#8221;4_4&#8243;][et_pb_text _builder_version=&#8221;3.4.1&#8243;]\r\n\r\n<strong><img loading=\"lazy\" decoding=\"async\" class=\"wp-image-1064 alignleft\" src=\"https:\/\/sehristan.org\/wp-content\/uploads\/2019\/01\/UY7_Kitaplar-300x161.jpg\" alt=\"\" width=\"403\" height=\"216\" srcset=\"https:\/\/sehristan.org\/wp-content\/uploads\/2019\/01\/UY7_Kitaplar-300x161.jpg 300w, https:\/\/sehristan.org\/wp-content\/uploads\/2019\/01\/UY7_Kitaplar.jpg 400w\" sizes=\"(max-width: 403px) 100vw, 403px\" \/><\/strong>&#8220;Kaybedeni Olmayan Yar\u0131\u015fma&#8221; temas\u0131yla\u00a0yedincisi d\u00fczenlenen; d\u00fcnyan\u0131n farkl\u0131 \u00fclkelerinden ve T\u00fcrkiye&#8217;nin t\u00fcm illerinden kat\u0131l\u0131mc\u0131lar\u0131n yar\u0131\u015ft\u0131\u011f\u0131 Ufka Yolculuk K\u00fclt\u00fcr Yar\u0131\u015fmas\u0131n\u0131n bu y\u0131lki konusu; <strong>&#8220;G\u00fczel Ahlak&#8221;<\/strong> olarak belirlendi.\r\n\r\nYar\u0131\u015fma s\u0131nav\u0131 bu y\u0131l \u00f6nceki y\u0131llardan farkl\u0131 olarak iki a\u015famadan olu\u015fuyor: Birinci a\u015fama online s\u0131nav, ikinci a\u015fama yaz\u0131l\u0131 s\u0131nav. Online s\u0131navda belirlenen puan baraj\u0131n\u0131 ge\u00e7ebilen yar\u0131\u015fmac\u0131lar, yaz\u0131l\u0131 s\u0131nava kat\u0131lmaya hak kazanacaklar. S\u0131nav merkezlerinde yaz\u0131l\u0131 s\u0131nava girebilecekler.\r\n\r\nYar\u0131\u015fmac\u0131lar\u00a0<a href=\"https:\/\/www.ufkayolculuk.com\/\" target=\"_blank\" rel=\"noopener noreferrer\">ufkayolculuk.com<\/a>\u00a0web sayfas\u0131nda, s\u0131nava \u00fccretsiz olarak kay\u0131t yap\u0131p, deneme s\u0131navlar\u0131 ile s\u0131nava haz\u0131rl\u0131k yapabilecekler.\r\n\r\nYar\u0131\u015fma kitaplar\u0131 <strong>Kars<\/strong>&#8216;ta: G\u00fcnerhan K\u0131rtasiye (Merkez), Eksen K\u0131rtasiye (Sar\u0131kam\u0131\u015f) ve Bilen K\u0131rtasiye&#8217;den (Ka\u011f\u0131zman) temin edilebilecek.\r\n\r\n\u0130lkokul kategorisi yar\u0131\u015fma kitab\u0131: \u201cG\u00fczel Ahlak Yolculu\u011fu\u201d isimli kitap, ortaokul kategorisi yar\u0131\u015fma kitab\u0131 ise: \u201cErdemler Kamp\u0131\u201d isimli kitap olarak belirlendi. Her iki kitap da i\u00e7erisinde resimli hikayeler bulunan, soru ve bulmacalarla desteklenmi\u015f olup kitaplar\u0131n yazar\u0131 Semiha Bahad\u0131r han\u0131mefendidir. Lise kategorisi i\u00e7in ise \u0130hy\u00e2u Ulumi\u2019d-Din\u2019den haz\u0131rlanan, Cemaleddin el-K\u00e2s\u0131m\u00ee&#8217;nin\u00a0\u00f6zetleyip akademisyenlerden olu\u015fan bir komisyonun g\u00f6zden ge\u00e7irmesiyle ortaya \u00e7\u0131kan \u201c\u0130hyau Ulumi\u2019d-Din\u2019den kesitlerle G\u00dcZEL AHLAK\u201d \u0130simli kitap se\u00e7ilmi\u015ftir.\r\n\r\nS\u0131nav kategorilerinin yeni isimleri; \u0130lkokul, ortaokul, lise ve arap\u00e7a kategorisi olarak belirlendi. 18 Ya\u015f\u0131ndan k\u00fc\u00e7\u00fcklerin kat\u0131labilece\u011fi yar\u0131\u015fma,\u00a0Milli E\u011fitim Bakanl\u0131\u011f\u0131 ile Gen\u00e7lik ve Spor Bakanl\u0131\u011f\u0131&#8217;n\u0131n izinleriyle d\u00fczenleniyor.\r\n\r\nUfka Yolculuk 7. s\u0131nav\u0131n\u0131n ba\u015fvurular\u0131\u00a0<strong>1 Kas\u0131m 2018<\/strong>\u00a0itibar\u0131yla al\u0131nmaya ba\u015fland\u0131. Online s\u0131nav\u00a0<strong>17 ve 18 \u015eubat 2018&#8217;de<\/strong>, yaz\u0131l\u0131 s\u0131nav ise\u00a0<strong>17 Mart 2019<\/strong>\u00a0tarihinde ger\u00e7ekle\u015ftirilecek.\r\n\r\nT\u00fcrkiye \u00d6d\u00fclleri ve Kars \u0130l \u00f6d\u00fclleri \u015fu \u015fekilde belirlendi:\r\n<table width=\"693\">\r\n<tbody>\r\n<tr>\r\n<td width=\"229\"><strong>Merkezi \u00d6d\u00fcller<\/strong><\/td>\r\n<td width=\"230\"><strong>Kars \u0130l \u00d6d\u00fclleri<\/strong><\/td>\r\n<td width=\"234\"><strong>Kars Okul Birincisi \u00d6d\u00fclleri<\/strong><\/td>\r\n<\/tr>\r\n<tr>\r\n<td width=\"229\">Birincilere\u00a0\u00a0\u00a0\u00a0\u00a0\u00a0\u00a0 : 2 Umre + 2500 TL<\/td>\r\n<td width=\"230\">Birincilere\u00a0\u00a0\u00a0\u00a0\u00a0\u00a0\u00a0\u00a0 : 3 Gr Alt\u0131n \u00c7eki<\/td>\r\n<td width=\"234\">&gt;25 ba\u015fvuru olan okullarda: 75 TL<\/td>\r\n<\/tr>\r\n<tr>\r\n<td width=\"229\">\u0130kincilere\u00a0\u00a0\u00a0\u00a0\u00a0\u00a0\u00a0\u00a0\u00a0 : 2 Umre + 1500 TL<\/td>\r\n<td width=\"230\">\u0130kincilere\u00a0\u00a0\u00a0\u00a0\u00a0\u00a0\u00a0\u00a0\u00a0\u00a0 : 2 Gr Alt\u0131n \u00c7eki<\/td>\r\n<td width=\"234\">&gt;50 ba\u015fvuru olan okullarda: 150 TL<\/td>\r\n<\/tr>\r\n<tr>\r\n<td width=\"229\">\u00dc\u00e7\u00fcnc\u00fclere\u00a0\u00a0\u00a0\u00a0\u00a0 : 2 Umre + 500 TL<\/td>\r\n<td width=\"230\">\u00dc\u00e7\u00fcnc\u00fclere\u00a0\u00a0\u00a0\u00a0\u00a0\u00a0 : 1 Gr Alt\u0131n \u00c7eki<\/td>\r\n<td><\/td>\r\n<\/tr>\r\n<tr>\r\n<td width=\"229\">4-10. Olanlara : 7 gr K\u00fcl\u00e7e Alt\u0131n<\/td>\r\n<td width=\"230\">4.-10. Olanlara : Mansiyon \u00d6d\u00fclleri<\/td>\r\n<td><\/td>\r\n<\/tr>\r\n<\/tbody>\r\n<\/table>\r\n&nbsp;\r\n\r\n<strong>Ufka Yolculuk Bilgi ve K\u00fclt\u00fcr Yar\u0131\u015fmas\u0131 hakk\u0131nda<\/strong>\r\n\r\n\u0130lk y\u0131l\u0131nda \u00d6mer Nasuhi Bilmen\u2019in \u201cB\u00fcy\u00fck \u0130slam \u0130lmihali\u201d, ikinci y\u0131l\u0131nda \u201cKur-an-\u0131 Kerim Meali\u201d, \u00fc\u00e7\u00fcnc\u00fc y\u0131l\u0131nda \u201cKur\u2019\u00e2n-\u0131 Ker\u00eem\u2019e G\u00f6re Peygamberler ve Tevhid M\u00fccadelesi\u201d, d\u00f6rd\u00fcnc\u00fc y\u0131l\u0131nda \u201cHadis\u201d, be\u015finci y\u0131l\u0131nda &#8220;Kur&#8217;an-\u0131 Kerim Meali&#8221;, alt\u0131nc\u0131 y\u0131l\u0131nda ise &#8221; Kur\u2019an ve S\u00fcnnet&#8221; b\u00fct\u00fcnl\u00fc\u011f\u00fc konular\u0131nda d\u00fczenlenen yar\u0131\u015fmalara d\u00fcnyan\u0131n 65 \u00fclkesinden, T\u00fcrkiye&#8217;nin t\u00fcm illerinden ve cezaevlerinden milyonlarca ki\u015fi kat\u0131ld\u0131.\r\n\r\nYar\u0131\u015fma ile ilgili detayl\u0131 bilgiler\u00a0<a href=\"https:\/\/www.ufkayolculuk.com\/\" target=\"_blank\" rel=\"noopener noreferrer\">ufkayolculuk.com<\/a>\u00a0adresinde yer almaktad\u0131r.\r\n\r\n[\/et_pb_text][et_pb_gallery _builder_version=&#8221;3.4.1&#8243; gallery_ids=&#8221;1062,1060&#8243; posts_number=&#8221;2&#8243; zoom_icon_color=&#8221;#81d742&#8243; hover_overlay_color=&#8221;rgba(255,255,255,0.9)&#8221; show_title_and_caption=&#8221;off&#8221; orientation=&#8221;portrait&#8221; module_alignment=&#8221;left&#8221; \/][\/et_pb_column][\/et_pb_row][\/et_pb_section]\n\n\n\n","protected":false},"excerpt":{"rendered":"<p><div class=\"et_pb_row et_pb_row_0 et_pb_row_empty\">\n\t\t\t\t\n\t\t\t\t\n\t\t\t\t\n\t\t\t\t\n\t\t\t\t\n\t\t\t<\/div> &#8220;Kaybedeni Olmayan Yar\u0131\u015fma&#8221; temas\u0131yla\u00a0yedincisi d\u00fczenlenen; d\u00fcnyan\u0131n farkl\u0131 \u00fclkelerinden ve T\u00fcrkiye&#8217;nin t\u00fcm illerinden kat\u0131l\u0131mc\u0131lar\u0131n yar\u0131\u015ft\u0131\u011f\u0131 Ufka Yolculuk K\u00fclt\u00fcr Yar\u0131\u015fmas\u0131n\u0131n bu y\u0131lki konusu; &#8220;G\u00fczel Ahlak&#8221; olarak belirlendi. Yar\u0131\u015fma s\u0131nav\u0131 bu y\u0131l \u00f6nceki y\u0131llardan farkl\u0131 olarak iki a\u015famadan olu\u015fuyor: Birinci a\u015fama online s\u0131nav, ikinci a\u015fama yaz\u0131l\u0131 s\u0131nav. Online s\u0131navda belirlenen puan baraj\u0131n\u0131 ge\u00e7ebilen yar\u0131\u015fmac\u0131lar, yaz\u0131l\u0131 s\u0131nava kat\u0131lmaya [&hellip;]<\/p>\n","protected":false},"author":2,"featured_media":1062,"comment_status":"open","ping_status":"closed","template":"","meta":{"_et_pb_use_builder":"on","_et_pb_old_content":"","_et_gb_content_width":"","footnotes":""},"project_category":[22],"project_tag":[25],"class_list":["post-1056","project","type-project","status-publish","has-post-thumbnail","hentry","project_category-ufka-yolculuk","project_tag-ufka-yolculuk"],"_links":{"self":[{"href":"https:\/\/sehristan.org\/index.php\/wp-json\/wp\/v2\/project\/1056","targetHints":{"allow":["GET"]}}],"collection":[{"href":"https:\/\/sehristan.org\/index.php\/wp-json\/wp\/v2\/project"}],"about":[{"href":"https:\/\/sehristan.org\/index.php\/wp-json\/wp\/v2\/types\/project"}],"author":[{"embeddable":true,"href":"https:\/\/sehristan.org\/index.php\/wp-json\/wp\/v2\/users\/2"}],"replies":[{"embeddable":true,"href":"https:\/\/sehristan.org\/index.php\/wp-json\/wp\/v2\/comments?post=1056"}],"version-history":[{"count":20,"href":"https:\/\/sehristan.org\/index.php\/wp-json\/wp\/v2\/project\/1056\/revisions"}],"predecessor-version":[{"id":1214,"href":"https:\/\/sehristan.org\/index.php\/wp-json\/wp\/v2\/project\/1056\/revisions\/1214"}],"wp:featuredmedia":[{"embeddable":true,"href":"https:\/\/sehristan.org\/index.php\/wp-json\/wp\/v2\/media\/1062"}],"wp:attachment":[{"href":"https:\/\/sehristan.org\/index.php\/wp-json\/wp\/v2\/media?parent=1056"}],"wp:term":[{"taxonomy":"project_category","embeddable":true,"href":"https:\/\/sehristan.org\/index.php\/wp-json\/wp\/v2\/project_category?post=1056"},{"taxonomy":"project_tag","embeddable":true,"href":"https:\/\/sehristan.org\/index.php\/wp-json\/wp\/v2\/project_tag?post=1056"}],"curies":[{"name":"wp","href":"https:\/\/api.w.org\/{rel}","templated":true}]}}

Ufka Yolculuk-7 Kayıtları Başladı

[et_pb_section bb_built=&#8221;1&#8243;][et_pb_row][et_pb_column type=&#8221;4_4&#8243;][et_pb_text _builder_version=&#8221;3.4.1&#8243;]

<strong><img loading="lazy" decoding="async" class="wp-image-1064 alignleft" src="https://sehristan.org/wp-content/uploads/2019/01/UY7_Kitaplar-300x161.jpg" alt="" width="403" height="216" srcset="https://sehristan.org/wp-content/uploads/2019/01/UY7_Kitaplar-300x161.jpg 300w, https://sehristan.org/wp-content/uploads/2019/01/UY7_Kitaplar.jpg 400w" sizes="(max-width: 403px) 100vw, 403px" /></strong>&#8220;Kaybedeni Olmayan Yarışma&#8221; temasıyla yedincisi düzenlenen; dünyanın farklı ülkelerinden ve Türkiye&#8217;nin tüm illerinden katılımcıların yarıştığı Ufka Yolculuk Kültür Yarışmasının bu yılki konusu; <strong>&#8220;Güzel Ahlak&#8221;</strong> olarak belirlendi.

Yarışma sınavı bu yıl önceki yıllardan farklı olarak iki aşamadan oluşuyor: Birinci aşama online sınav, ikinci aşama yazılı sınav. Online sınavda belirlenen puan barajını geçebilen yarışmacılar, yazılı sınava katılmaya hak kazanacaklar. Sınav merkezlerinde yazılı sınava girebilecekler.

Yarışmacılar <a href="https://www.ufkayolculuk.com/" target="_blank" rel="noopener noreferrer">ufkayolculuk.com</a> web sayfasında, sınava ücretsiz olarak kayıt yapıp, deneme sınavları ile sınava hazırlık yapabilecekler.

Yarışma kitapları <strong>Kars</strong>&#8216;ta: Günerhan Kırtasiye (Merkez), Eksen Kırtasiye (Sarıkamış) ve Bilen Kırtasiye&#8217;den (Kağızman) temin edilebilecek.

İlkokul kategorisi yarışma kitabı: “Güzel Ahlak Yolculuğu” isimli kitap, ortaokul kategorisi yarışma kitabı ise: “Erdemler Kampı” isimli kitap olarak belirlendi. Her iki kitap da içerisinde resimli hikayeler bulunan, soru ve bulmacalarla desteklenmiş olup kitapların yazarı Semiha Bahadır hanımefendidir. Lise kategorisi için ise İhyâu Ulumi’d-Din’den hazırlanan, Cemaleddin el-Kâsımî&#8217;nin özetleyip akademisyenlerden oluşan bir komisyonun gözden geçirmesiyle ortaya çıkan “İhyau Ulumi’d-Din’den kesitlerle GÜZEL AHLAK” İsimli kitap seçilmiştir.

Sınav kategorilerinin yeni isimleri; İlkokul, ortaokul, lise ve arapça kategorisi olarak belirlendi. 18 Yaşından küçüklerin katılabileceği yarışma, Milli Eğitim Bakanlığı ile Gençlik ve Spor Bakanlığı&#8217;nın izinleriyle düzenleniyor.

Ufka Yolculuk 7. sınavının başvuruları <strong>1 Kasım 2018</strong> itibarıyla alınmaya başlandı. Online sınav <strong>17 ve 18 Şubat 2018&#8217;de</strong>, yazılı sınav ise <strong>17 Mart 2019</strong> tarihinde gerçekleştirilecek.

Türkiye Ödülleri ve Kars İl ödülleri şu şekilde belirlendi:
<table width="693">
<tbody>
<tr>
<td width="229"><strong>Merkezi Ödüller</strong></td>
<td width="230"><strong>Kars İl Ödülleri</strong></td>
<td width="234"><strong>Kars Okul Birincisi Ödülleri</strong></td>
</tr>
<tr>
<td width="229">Birincilere        : 2 Umre + 2500 TL</td>
<td width="230">Birincilere         : 3 Gr Altın Çeki</td>
<td width="234">&gt;25 başvuru olan okullarda: 75 TL</td>
</tr>
<tr>
<td width="229">İkincilere          : 2 Umre + 1500 TL</td>
<td width="230">İkincilere           : 2 Gr Altın Çeki</td>
<td width="234">&gt;50 başvuru olan okullarda: 150 TL</td>
</tr>
<tr>
<td width="229">Üçüncülere      : 2 Umre + 500 TL</td>
<td width="230">Üçüncülere       : 1 Gr Altın Çeki</td>
<td></td>
</tr>
<tr>
<td width="229">4-10. Olanlara : 7 gr Külçe Altın</td>
<td width="230">4.-10. Olanlara : Mansiyon Ödülleri</td>
<td></td>
</tr>
</tbody>
</table>
&nbsp;

<strong>Ufka Yolculuk Bilgi ve Kültür Yarışması hakkında</strong>

İlk yılında Ömer Nasuhi Bilmen’in “Büyük İslam İlmihali”, ikinci yılında “Kur-an-ı Kerim Meali”, üçüncü yılında “Kur’ân-ı Kerîm’e Göre Peygamberler ve Tevhid Mücadelesi”, dördüncü yılında “Hadis”, beşinci yılında &#8220;Kur&#8217;an-ı Kerim Meali&#8221;, altıncı yılında ise &#8221; Kur’an ve Sünnet&#8221; bütünlüğü konularında düzenlenen yarışmalara dünyanın 65 ülkesinden, Türkiye&#8217;nin tüm illerinden ve cezaevlerinden milyonlarca kişi katıldı.

Yarışma ile ilgili detaylı bilgiler <a href="https://www.ufkayolculuk.com/" target="_blank" rel="noopener noreferrer">ufkayolculuk.com</a> adresinde yer almaktadır.

[/et_pb_text][et_pb_gallery _builder_version=&#8221;3.4.1&#8243; gallery_ids=&#8221;1062,1060&#8243; posts_number=&#8221;2&#8243; zoom_icon_color=&#8221;#81d742&#8243; hover_overlay_color=&#8221;rgba(255,255,255,0.9)&#8221; show_title_and_caption=&#8221;off&#8221; orientation=&#8221;portrait&#8221; module_alignment=&#8221;left&#8221; /][/et_pb_column][/et_pb_row][/et_pb_section]

<p><div class="et_pb_row et_pb_row_0 et_pb_row_empty">
				
				
				
				
				
			</div> &#8220;Kaybedeni Olmayan Yarışma&#8221; temasıyla yedincisi düzenlenen; dünyanın farklı ülkelerinden ve Türkiye&#8217;nin tüm illerinden katılımcıların yarıştığı Ufka Yolculuk Kültür Yarışmasının bu yılki konusu; &#8220;Güzel Ahlak&#8221; olarak belirlendi. Yarışma sınavı bu yıl önceki yıllardan farklı olarak iki aşamadan oluşuyor: Birinci aşama online sınav, ikinci aşama yazılı sınav. Online sınavda belirlenen puan barajını geçebilen yarışmacılar, yazılı sınava katılmaya [&hellip;]</p>
