{"id":121,"date":"2016-03-23T03:13:00","date_gmt":"2016-03-23T01:13:00","guid":{"rendered":"http:\/\/sehristan.org\/?page_id=121"},"modified":"2024-12-10T14:20:04","modified_gmt":"2024-12-10T11:20:04","slug":"ana-sayfa","status":"publish","type":"page","link":"https:\/\/sehristan.org\/","title":{"rendered":"Ana Sayfa"},"content":{"rendered":"<p>[et_pb_section fb_built=&#8221;1&#8243; _builder_version=&#8221;4.16&#8243; global_colors_info=&#8221;{}&#8221;][et_pb_row _builder_version=&#8221;4.23.4&#8243; hover_enabled=&#8221;0&#8243; global_colors_info=&#8221;{}&#8221; sticky_enabled=&#8221;0&#8243;][et_pb_column type=&#8221;4_4&#8243; _builder_version=&#8221;4.23.4&#8243; custom_padding=&#8221;|||&#8221; global_colors_info=&#8221;{}&#8221; custom_padding__hover=&#8221;|||&#8221;][et_pb_slider _builder_version=&#8221;4.27.4&#8243; header_font=&#8221;||||||||&#8221; header_text_color=&#8221;#000000&#8243; body_font=&#8221;||||||||&#8221; body_text_color=&#8221;#ffffff&#8221; background_color=&#8221;#83c481&#8243; hover_enabled=&#8221;0&#8243; body_text_shadow_style=&#8221;preset1&#8243; global_colors_info=&#8221;{}&#8221; sticky_enabled=&#8221;0&#8243;][et_pb_slide button_text=&#8221;Devam\u0131&#8221; button_link=&#8221;https:\/\/sehristan.org\/index.php\/project\/12-ufka-yolculuk-kayitlari-devam-ediyor\/&#8221; image=&#8221;https:\/\/sehristan.org\/wp-content\/uploads\/2024\/12\/UY12-Duyuru-5.jpg&#8221; use_text_overlay=&#8221;off&#8221; _builder_version=&#8221;4.27.4&#8243; body_font=&#8221;||||||||&#8221; background_color=&#8221;#0f6b82&#8243; background_enable_color=&#8221;on&#8221; hover_enabled=&#8221;0&#8243; global_colors_info=&#8221;{}&#8221; sticky_transition=&#8221;on&#8221; title_text=&#8221;UY12-Duyuru-5&#8243; sticky_enabled=&#8221;0&#8243;]<\/p>\n<p><strong>12. Ufka Yolculuk Kay\u0131tlar\u0131 Devam Ediyor<\/strong><\/p>\n<p>[\/et_pb_slide][et_pb_slide button_text=&#8221;Devam\u0131&#8221; button_link=&#8221;https:\/\/sehristan.org\/index.php\/project\/sehristan-izcilik-spor-kulubu-izcilik-kampi\/&#8221; image=&#8221;https:\/\/sehristan.org\/wp-content\/uploads\/2024\/12\/Kamp-1.jpeg&#8221; use_text_overlay=&#8221;off&#8221; _builder_version=&#8221;4.27.4&#8243; body_font=&#8221;||||||||&#8221; background_color=&#8221;#dd21f2&#8243; background_enable_color=&#8221;on&#8221; hover_enabled=&#8221;0&#8243; global_colors_info=&#8221;{}&#8221; sticky_transition=&#8221;on&#8221; sticky_enabled=&#8221;0&#8243; title_text=&#8221;Kamp-1&#8243;]<\/p>\n<p><strong>Uzun S\u00fcreli \u0130zcilik Kamp\u0131 Tamamland\u0131<\/strong><\/p>\n<p>[\/et_pb_slide][et_pb_slide button_text=&#8221;Devam\u0131&#8221; button_link=&#8221;https:\/\/sehristan.org\/index.php\/project\/11-ufka-yolculuk-kars-il-odulleri-verildi\/&#8221; image=&#8221;https:\/\/sehristan.org\/wp-content\/uploads\/2024\/12\/11.UY-1.jpeg&#8221; use_text_overlay=&#8221;off&#8221; _builder_version=&#8221;4.27.4&#8243; body_font=&#8221;||||||||&#8221; background_color=&#8221;#E02B20&#8243; background_enable_color=&#8221;on&#8221; hover_enabled=&#8221;0&#8243; global_colors_info=&#8221;{}&#8221; sticky_transition=&#8221;on&#8221; sticky_enabled=&#8221;0&#8243; title_text=&#8221;11.UY-1&#8243;]<\/p>\n<p><strong>11. Ufka Yolculuk Kars \u0130l \u00d6d\u00fclleri Verildi<\/strong><\/p>\n<p>[\/et_pb_slide][et_pb_slide button_text=&#8221;Devam\u0131&#8221; button_link=&#8221;https:\/\/sehristan.org\/index.php\/project\/karsta-250-fidan\/&#8221; image=&#8221;https:\/\/sehristan.org\/wp-content\/uploads\/2024\/05\/Sehristan-2024-agac-dikimi.jpeg&#8221; use_text_overlay=&#8221;off&#8221; _builder_version=&#8221;4.25.0&#8243; header_text_color=&#8221;#FFFFFF&#8221; body_font=&#8221;||||||||&#8221; background_color=&#8221;#70bf72&#8243; background_enable_color=&#8221;on&#8221; hover_enabled=&#8221;0&#8243; global_colors_info=&#8221;{}&#8221; sticky_transition=&#8221;on&#8221; sticky_enabled=&#8221;0&#8243;]<\/p>\n<p>Kars&#8217;ta 250 Fidan<\/p>\n<p>[\/et_pb_slide][et_pb_slide button_text=&#8221;Devam\u0131&#8221; button_link=&#8221;https:\/\/sehristan.org\/index.php\/project\/haydi-cocuklar-camiye-2024-tamamlandi\/&#8221; image=&#8221;https:\/\/sehristan.org\/wp-content\/uploads\/2024\/04\/WhatsApp-Image-2024-03-15-at-00.02.57.jpeg&#8221; use_text_overlay=&#8221;off&#8221; _builder_version=&#8221;4.23.4&#8243; header_text_color=&#8221;#FFFFFF&#8221; body_font=&#8221;||||||||&#8221; background_color=&#8221;#8bc9ed&#8221; background_enable_color=&#8221;on&#8221; global_colors_info=&#8221;{}&#8221; sticky_transition=&#8221;on&#8221;]<\/p>\n<p>Haydi \u00c7ocuklar Camiye 2024 Tamamland\u0131<\/p>\n<p>[\/et_pb_slide][et_pb_slide button_text=&#8221;Devam\u0131&#8221; button_link=&#8221;https:\/\/sehristan.org\/index.php\/project\/haydi-cocuklar-camiye-2024-kayitlari-basladi\/&#8221; image=&#8221;https:\/\/sehristan.org\/wp-content\/uploads\/2024\/01\/HCC-2024.jpg&#8221; use_text_overlay=&#8221;off&#8221; _builder_version=&#8221;4.23.4&#8243; header_text_color=&#8221;#FFFFFF&#8221; body_font=&#8221;||||||||&#8221; background_color=&#8221;#cd8def&#8221; background_enable_color=&#8221;on&#8221; global_colors_info=&#8221;{}&#8221; sticky_transition=&#8221;on&#8221;]<\/p>\n<p>Haydi \u00c7ocuklar Camiye Kay\u0131tlar\u0131 Ba\u015flad\u0131<\/p>\n<p>[\/et_pb_slide][et_pb_slide button_text=&#8221;Devam\u0131&#8221; button_link=&#8221;https:\/\/sehristan.org\/index.php\/project\/11-ufka-yolculuk-kayitlari-basladi\/&#8221; image=&#8221;https:\/\/sehristan.org\/wp-content\/uploads\/2024\/01\/Ufka-Yolculuk-11-Ramazan.jpg&#8221; use_text_overlay=&#8221;off&#8221; _builder_version=&#8221;4.23.4&#8243; header_text_color=&#8221;#FFFFFF&#8221; body_font=&#8221;||||||||&#8221; background_color=&#8221;#cc9933&#8243; background_enable_color=&#8221;on&#8221; global_colors_info=&#8221;{}&#8221; sticky_transition=&#8221;on&#8221;]<\/p>\n<p>11. Ufka Yolculuk Kay\u0131tlar\u0131 Ba\u015flad\u0131<\/p>\n<p>[\/et_pb_slide][et_pb_slide button_text=&#8221;Devam\u0131&#8221; button_link=&#8221;https:\/\/sehristan.org\/index.php\/project\/haydi-cocuklar-camiye-2023-odul-toreni\/&#8221; image=&#8221;https:\/\/sehristan.org\/wp-content\/uploads\/2023\/03\/WhatsApp-Image-2023-03-17-at-14.27.52.jpeg&#8221; use_text_overlay=&#8221;off&#8221; _builder_version=&#8221;4.23.4&#8243; header_text_color=&#8221;#FFFFFF&#8221; body_font=&#8221;||||||||&#8221; background_color=&#8221;#ef2188&#8243; background_enable_color=&#8221;on&#8221; global_colors_info=&#8221;{}&#8221; sticky_transition=&#8221;on&#8221;]<\/p>\n<p>Haydi \u00c7ocuklar Camiye 2023 \u00d6d\u00fcl T\u00f6reni<\/p>\n<p>[\/et_pb_slide][et_pb_slide button_text=&#8221;Devam\u0131&#8221; button_link=&#8221;https:\/\/sehristan.org\/index.php\/project\/sarikamis-sehitleri-yuruyusu\/&#8221; image=&#8221;https:\/\/sehristan.org\/wp-content\/uploads\/2023\/02\/Sarikamis-Yuruyusu-2023b.jpeg&#8221; use_text_overlay=&#8221;off&#8221; _builder_version=&#8221;4.25.0&#8243; header_text_color=&#8221;#FFFFFF&#8221; body_font=&#8221;||||||||&#8221; background_color=&#8221;#898989&#8243; background_enable_color=&#8221;on&#8221; global_colors_info=&#8221;{}&#8221; sticky_transition=&#8221;on&#8221;]<\/p>\n<p>Sar\u0131kam\u0131\u015f \u015eehitlerini Anma Y\u00fcr\u00fcy\u00fc\u015f\u00fc<\/p>\n<p>[\/et_pb_slide][et_pb_slide button_text=&#8221;Devam\u0131&#8221; button_link=&#8221;https:\/\/sehristan.org\/index.php\/project\/yahni-daginda-sehitler-anildi\/&#8221; image=&#8221;https:\/\/sehristan.org\/wp-content\/uploads\/2023\/01\/WhatsApp-Image-2022-12-20-at-15.19.13.jpeg&#8221; use_text_overlay=&#8221;off&#8221; _builder_version=&#8221;4.19.4&#8243; header_text_color=&#8221;#FFFFFF&#8221; body_font=&#8221;||||||||&#8221; background_color=&#8221;#E02B20&#8243; background_enable_color=&#8221;on&#8221; global_colors_info=&#8221;{}&#8221; sticky_transition=&#8221;on&#8221;]<\/p>\n<p>Yahni Da\u011f\u0131nda \u015eehitler An\u0131ld\u0131<\/p>\n<p>[\/et_pb_slide][et_pb_slide button_text=&#8221;Devam\u0131&#8221; button_link=&#8221;https:\/\/sehristan.org\/index.php\/project\/bilek-guresi-il-turnuvasi-duzenlendi\/&#8221; image=&#8221;https:\/\/sehristan.org\/wp-content\/uploads\/2023\/01\/WhatsApp-Image-2022-12-20-at-15.11.56-1.jpeg&#8221; use_text_overlay=&#8221;off&#8221; _builder_version=&#8221;4.19.4&#8243; body_font=&#8221;||||||||&#8221; background_color=&#8221;#eab01c&#8221; background_enable_color=&#8221;on&#8221; global_colors_info=&#8221;{}&#8221; sticky_transition=&#8221;on&#8221;]<\/p>\n<p>Bilek G\u00fcre\u015fi \u0130l Turnuvas\u0131<\/p>\n<p>[\/et_pb_slide][\/et_pb_slider][\/et_pb_column][\/et_pb_row][\/et_pb_section][et_pb_section fb_built=&#8221;1&#8243; _builder_version=&#8221;4.16&#8243; global_colors_info=&#8221;{}&#8221;][et_pb_row column_structure=&#8221;1_5,3_5,1_5&#8243; _builder_version=&#8221;4.16&#8243; background_size=&#8221;initial&#8221; background_position=&#8221;top_left&#8221; background_repeat=&#8221;repeat&#8221; custom_padding=&#8221;0|0px|0|0px|false|false&#8221; global_colors_info=&#8221;{}&#8221;][et_pb_column type=&#8221;1_5&#8243; _builder_version=&#8221;4.16&#8243; custom_padding=&#8221;|||&#8221; global_colors_info=&#8221;{}&#8221; custom_padding__hover=&#8221;|||&#8221;][\/et_pb_column][et_pb_column type=&#8221;3_5&#8243; _builder_version=&#8221;4.16&#8243; custom_padding=&#8221;|||&#8221; global_colors_info=&#8221;{}&#8221; custom_padding__hover=&#8221;|||&#8221;][et_pb_text _builder_version=&#8221;4.16&#8243; border_style=&#8221;solid&#8221; global_colors_info=&#8221;{}&#8221;]<\/p>\n<h1 style=\"text-align: center;\"><strong>Ufka Yolculuk<\/strong><\/h1>\n<h1 style=\"text-align: center;\"><strong style=\"font-size: 30px;\">Bilgi ve K\u00fclt\u00fcr Yar\u0131\u015fmas\u0131<\/strong><\/h1>\n<p>[\/et_pb_text][et_pb_portfolio fullwidth=&#8221;off&#8221; posts_number=&#8221;2&#8243; include_categories=&#8221;22&#8243; show_categories=&#8221;off&#8221; zoom_icon_color=&#8221;#81d742&#8243; _builder_version=&#8221;4.16&#8243; border_style=&#8221;solid&#8221; global_colors_info=&#8221;{}&#8221;][\/et_pb_portfolio][\/et_pb_column][et_pb_column type=&#8221;1_5&#8243; _builder_version=&#8221;4.16&#8243; custom_padding=&#8221;|||&#8221; global_colors_info=&#8221;{}&#8221; custom_padding__hover=&#8221;|||&#8221;][\/et_pb_column][\/et_pb_row][\/et_pb_section][et_pb_section fb_built=&#8221;1&#8243; _builder_version=&#8221;4.16&#8243; global_colors_info=&#8221;{}&#8221;][\/et_pb_section][et_pb_section fb_built=&#8221;1&#8243; _builder_version=&#8221;4.16&#8243; custom_padding=&#8221;54px|0px|0|0px|false|false&#8221; global_colors_info=&#8221;{}&#8221;][et_pb_row column_structure=&#8221;1_5,3_5,1_5&#8243; _builder_version=&#8221;4.16&#8243; global_colors_info=&#8221;{}&#8221;][et_pb_column type=&#8221;1_5&#8243; _builder_version=&#8221;4.16&#8243; custom_padding=&#8221;|||&#8221; global_colors_info=&#8221;{}&#8221; custom_padding__hover=&#8221;|||&#8221;][\/et_pb_column][et_pb_column type=&#8221;3_5&#8243; _builder_version=&#8221;4.16&#8243; custom_padding=&#8221;|||&#8221; global_colors_info=&#8221;{}&#8221; custom_padding__hover=&#8221;|||&#8221;][et_pb_text _builder_version=&#8221;4.16&#8243; global_colors_info=&#8221;{}&#8221;]<\/p>\n<h1 style=\"text-align: center;\"><strong>Haydi \u00c7ocuklar Camiye<\/strong><\/h1>\n<h1 style=\"text-align: center;\"><strong style=\"font-size: 30px;\">Yar\u0131\u015fmas\u0131<\/strong><\/h1>\n<p>[\/et_pb_text][et_pb_portfolio fullwidth=&#8221;off&#8221; posts_number=&#8221;2&#8243; include_categories=&#8221;31&#8243; show_categories=&#8221;off&#8221; _builder_version=&#8221;4.16&#8243; module_alignment=&#8221;center&#8221; global_colors_info=&#8221;{}&#8221;][\/et_pb_portfolio][\/et_pb_column][et_pb_column type=&#8221;1_5&#8243; _builder_version=&#8221;4.16&#8243; custom_padding=&#8221;|||&#8221; global_colors_info=&#8221;{}&#8221; custom_padding__hover=&#8221;|||&#8221;][\/et_pb_column][\/et_pb_row][et_pb_row column_structure=&#8221;1_4,1_2,1_4&#8243; _builder_version=&#8221;4.16&#8243; background_size=&#8221;initial&#8221; background_position=&#8221;top_left&#8221; background_repeat=&#8221;repeat&#8221; custom_padding=&#8221;27px|0px|0|0px|false|false&#8221; global_colors_info=&#8221;{}&#8221;][et_pb_column type=&#8221;1_4&#8243; _builder_version=&#8221;4.16&#8243; custom_padding=&#8221;|||&#8221; global_colors_info=&#8221;{}&#8221; custom_padding__hover=&#8221;|||&#8221;][\/et_pb_column][et_pb_column type=&#8221;1_2&#8243; _builder_version=&#8221;4.16&#8243; custom_padding=&#8221;|||&#8221; global_colors_info=&#8221;{}&#8221; custom_padding__hover=&#8221;|||&#8221;][et_pb_text _builder_version=&#8221;4.16&#8243; border_style=&#8221;solid&#8221; global_colors_info=&#8221;{}&#8221;]<\/p>\n<h1 style=\"text-align: center;\"><strong>\u0130zcilik<\/strong><\/h1>\n<p>[\/et_pb_text][et_pb_portfolio include_categories=&#8221;42&#8243; show_categories=&#8221;off&#8221; _builder_version=&#8221;4.27.4&#8243; border_style=&#8221;solid&#8221; global_colors_info=&#8221;{}&#8221;][\/et_pb_portfolio][\/et_pb_column][et_pb_column type=&#8221;1_4&#8243; _builder_version=&#8221;4.16&#8243; custom_padding=&#8221;|||&#8221; global_colors_info=&#8221;{}&#8221; custom_padding__hover=&#8221;|||&#8221;][\/et_pb_column][\/et_pb_row][et_pb_row column_structure=&#8221;1_5,3_5,1_5&#8243; _builder_version=&#8221;4.16&#8243; background_size=&#8221;initial&#8221; background_position=&#8221;top_left&#8221; background_repeat=&#8221;repeat&#8221; custom_padding=&#8221;40px|0px|0|0px|false|false&#8221; global_colors_info=&#8221;{}&#8221;][et_pb_column type=&#8221;1_5&#8243; _builder_version=&#8221;4.16&#8243; custom_padding=&#8221;|||&#8221; global_colors_info=&#8221;{}&#8221; custom_padding__hover=&#8221;|||&#8221;][\/et_pb_column][et_pb_column type=&#8221;3_5&#8243; _builder_version=&#8221;4.16&#8243; custom_padding=&#8221;|||&#8221; global_colors_info=&#8221;{}&#8221; custom_padding__hover=&#8221;|||&#8221;][et_pb_text _builder_version=&#8221;4.16&#8243; border_style=&#8221;solid&#8221; global_colors_info=&#8221;{}&#8221;]<\/p>\n<h1 style=\"text-align: center;\"><strong>\u00c7evre Etkinlikleri<\/strong><\/h1>\n<p>[\/et_pb_text][et_pb_portfolio fullwidth=&#8221;off&#8221; include_categories=&#8221;29&#8243; show_categories=&#8221;off&#8221; zoom_icon_color=&#8221;#81d742&#8243; _builder_version=&#8221;4.16&#8243; border_style=&#8221;solid&#8221; global_colors_info=&#8221;{}&#8221;][\/et_pb_portfolio][\/et_pb_column][et_pb_column type=&#8221;1_5&#8243; _builder_version=&#8221;4.16&#8243; custom_padding=&#8221;|||&#8221; global_colors_info=&#8221;{}&#8221; custom_padding__hover=&#8221;|||&#8221;][\/et_pb_column][\/et_pb_row][\/et_pb_section][et_pb_section fb_built=&#8221;1&#8243; _builder_version=&#8221;4.16&#8243; global_colors_info=&#8221;{}&#8221;][et_pb_row column_structure=&#8221;1_4,1_2,1_4&#8243; _builder_version=&#8221;4.16&#8243; background_size=&#8221;initial&#8221; background_position=&#8221;top_left&#8221; background_repeat=&#8221;repeat&#8221; custom_padding=&#8221;27px|0px|0|0px|false|false&#8221; global_colors_info=&#8221;{}&#8221;][et_pb_column type=&#8221;1_4&#8243; _builder_version=&#8221;4.16&#8243; custom_padding=&#8221;|||&#8221; global_colors_info=&#8221;{}&#8221; custom_padding__hover=&#8221;|||&#8221;][\/et_pb_column][et_pb_column type=&#8221;1_2&#8243; _builder_version=&#8221;4.16&#8243; custom_padding=&#8221;|||&#8221; global_colors_info=&#8221;{}&#8221; custom_padding__hover=&#8221;|||&#8221;][et_pb_text _builder_version=&#8221;4.25.0&#8243; border_style=&#8221;solid&#8221; global_colors_info=&#8221;{}&#8221;]<\/p>\n<h1 style=\"text-align: center;\"><strong>Bilek G\u00fcre\u015fi Etkinlikleri<\/strong><\/h1>\n<p>[\/et_pb_text][et_pb_portfolio fullwidth=&#8221;off&#8221; include_categories=&#8221;36&#8243; show_categories=&#8221;off&#8221; _builder_version=&#8221;4.19.4&#8243; border_style=&#8221;solid&#8221; global_colors_info=&#8221;{}&#8221;][\/et_pb_portfolio][\/et_pb_column][et_pb_column type=&#8221;1_4&#8243; _builder_version=&#8221;4.16&#8243; custom_padding=&#8221;|||&#8221; global_colors_info=&#8221;{}&#8221; custom_padding__hover=&#8221;|||&#8221;][\/et_pb_column][\/et_pb_row][\/et_pb_section][et_pb_section fb_built=&#8221;1&#8243; _builder_version=&#8221;4.16&#8243; custom_padding=&#8221;54px|0px|1px|0px|false|false&#8221; global_colors_info=&#8221;{}&#8221;][et_pb_row column_structure=&#8221;1_5,3_5,1_5&#8243; _builder_version=&#8221;4.16&#8243; background_size=&#8221;initial&#8221; background_position=&#8221;top_left&#8221; background_repeat=&#8221;repeat&#8221; custom_padding=&#8221;27px|0px|0|0px|false|false&#8221; global_colors_info=&#8221;{}&#8221;][et_pb_column type=&#8221;1_5&#8243; _builder_version=&#8221;4.16&#8243; custom_padding=&#8221;|||&#8221; global_colors_info=&#8221;{}&#8221; custom_padding__hover=&#8221;|||&#8221;][\/et_pb_column][et_pb_column type=&#8221;3_5&#8243; _builder_version=&#8221;4.16&#8243; custom_padding=&#8221;|||&#8221; global_colors_info=&#8221;{}&#8221; custom_padding__hover=&#8221;|||&#8221;][et_pb_text _builder_version=&#8221;4.16&#8243; border_style=&#8221;solid&#8221; global_colors_info=&#8221;{}&#8221;]<\/p>\n<h1 style=\"text-align: center;\"><strong>Son Peygamber Etkinlikleri<\/strong><\/h1>\n<p>[\/et_pb_text][et_pb_portfolio fullwidth=&#8221;off&#8221; include_categories=&#8221;26&#8243; show_categories=&#8221;off&#8221; zoom_icon_color=&#8221;#81d742&#8243; _builder_version=&#8221;4.16&#8243; border_style=&#8221;solid&#8221; global_colors_info=&#8221;{}&#8221;][\/et_pb_portfolio][\/et_pb_column][et_pb_column type=&#8221;1_5&#8243; _builder_version=&#8221;4.16&#8243; custom_padding=&#8221;|||&#8221; global_colors_info=&#8221;{}&#8221; custom_padding__hover=&#8221;|||&#8221;][\/et_pb_column][\/et_pb_row][\/et_pb_section][et_pb_section fb_built=&#8221;1&#8243; _builder_version=&#8221;4.16&#8243; global_colors_info=&#8221;{}&#8221;][et_pb_row column_structure=&#8221;1_4,1_2,1_4&#8243; _builder_version=&#8221;4.16&#8243; background_size=&#8221;initial&#8221; background_position=&#8221;top_left&#8221; background_repeat=&#8221;repeat&#8221; custom_padding=&#8221;27px|0px|0|0px|false|false&#8221; global_colors_info=&#8221;{}&#8221;][et_pb_column type=&#8221;1_4&#8243; _builder_version=&#8221;4.16&#8243; custom_padding=&#8221;|||&#8221; global_colors_info=&#8221;{}&#8221; custom_padding__hover=&#8221;|||&#8221;][\/et_pb_column][et_pb_column type=&#8221;1_2&#8243; _builder_version=&#8221;4.16&#8243; custom_padding=&#8221;|||&#8221; global_colors_info=&#8221;{}&#8221; custom_padding__hover=&#8221;|||&#8221;][et_pb_text _builder_version=&#8221;4.16&#8243; border_style=&#8221;solid&#8221; global_colors_info=&#8221;{}&#8221;]<\/p>\n<h1 style=\"text-align: center;\"><strong>Hicri Takvim Etkinlikleri<\/strong><\/h1>\n<p>[\/et_pb_text][et_pb_portfolio include_categories=&#8221;24&#8243; show_categories=&#8221;off&#8221; _builder_version=&#8221;4.16&#8243; border_style=&#8221;solid&#8221; global_colors_info=&#8221;{}&#8221;][\/et_pb_portfolio][\/et_pb_column][et_pb_column type=&#8221;1_4&#8243; _builder_version=&#8221;4.16&#8243; custom_padding=&#8221;|||&#8221; global_colors_info=&#8221;{}&#8221; custom_padding__hover=&#8221;|||&#8221;][\/et_pb_column][\/et_pb_row][\/et_pb_section][et_pb_section fb_built=&#8221;1&#8243; _builder_version=&#8221;4.16&#8243; global_colors_info=&#8221;{}&#8221;][et_pb_row column_structure=&#8221;1_4,1_2,1_4&#8243; _builder_version=&#8221;4.16&#8243; global_colors_info=&#8221;{}&#8221;][et_pb_column type=&#8221;1_4&#8243; _builder_version=&#8221;4.16&#8243; custom_padding=&#8221;|||&#8221; global_colors_info=&#8221;{}&#8221; custom_padding__hover=&#8221;|||&#8221;][\/et_pb_column][et_pb_column type=&#8221;1_2&#8243; _builder_version=&#8221;4.16&#8243; custom_padding=&#8221;|||&#8221; global_colors_info=&#8221;{}&#8221; custom_padding__hover=&#8221;|||&#8221;][et_pb_text _builder_version=&#8221;4.16&#8243; border_style=&#8221;solid&#8221; global_colors_info=&#8221;{}&#8221;]<\/p>\n<h1 style=\"text-align: center;\"><strong>Helal ve Sa\u011fl\u0131kl\u0131 G\u0131da Etkinlikleri<br \/><\/strong><\/h1>\n<p>[\/et_pb_text][et_pb_portfolio include_categories=&#8221;23&#8243; show_categories=&#8221;off&#8221; _builder_version=&#8221;4.16&#8243; border_style=&#8221;solid&#8221; global_colors_info=&#8221;{}&#8221;][\/et_pb_portfolio][\/et_pb_column][et_pb_column type=&#8221;1_4&#8243; _builder_version=&#8221;4.16&#8243; custom_padding=&#8221;|||&#8221; global_colors_info=&#8221;{}&#8221; custom_padding__hover=&#8221;|||&#8221;][\/et_pb_column][\/et_pb_row][\/et_pb_section][et_pb_section fb_built=&#8221;1&#8243; _builder_version=&#8221;4.16&#8243; global_colors_info=&#8221;{}&#8221;][et_pb_row _builder_version=&#8221;4.16&#8243; global_colors_info=&#8221;{}&#8221;][et_pb_column type=&#8221;4_4&#8243; _builder_version=&#8221;4.16&#8243; custom_padding=&#8221;|||&#8221; global_colors_info=&#8221;{}&#8221; custom_padding__hover=&#8221;|||&#8221;][et_pb_toggle title=&#8221;B\u0130Z K\u0130M\u0130Z :&#8221; _builder_version=&#8221;4.19.5&#8243; title_font=&#8221;||||||||&#8221; title_text_align=&#8221;center&#8221; global_colors_info=&#8221;{}&#8221;]<\/p>\n<p style=\"text-align: center;\"><strong>\u015eehristan \u0130zcilik Spor Kul\u00fcb\u00fc, <\/strong><strong style=\"font-size: 14px;\">Kars ilinde <\/strong><strong style=\"font-size: 14px;\">tamam\u0131 g\u00f6n\u00fcll\u00fclerden olu\u015fan bir ekip taraf\u0131ndan <\/strong><strong style=\"font-size: 14px;\">2015 y\u0131l\u0131nda kurulmu\u015f <\/strong><strong style=\"font-size: 14px;\">bir sivil toplum kurulu\u015fudur.<\/strong><\/p>\n<p>[\/et_pb_toggle][et_pb_toggle title=&#8221;M\u0130SYONUMUZ :&#8221; _builder_version=&#8221;4.16&#8243; title_font=&#8221;||||||||&#8221; title_text_align=&#8221;center&#8221; global_colors_info=&#8221;{}&#8221;]<\/p>\n<p style=\"text-align: center;\"><b>Sa\u011fl\u0131kl\u0131 d\u00fc\u015f\u00fcnebilen, i<\/b><b style=\"font-size: 14px;\">\u00e7 huzura ula\u015fm\u0131\u015f, e<\/b><b style=\"font-size: 14px;\">rdemli ve g\u00fc\u00e7l\u00fc bireyler <\/b><b style=\"font-size: 14px;\">YET\u0130\u015eT\u0130RMEK&#8217;tir.<\/b><\/p>\n<p>[\/et_pb_toggle][et_pb_toggle title=&#8221;V\u0130ZYONUMUZ :&#8221; _builder_version=&#8221;4.16&#8243; title_font=&#8221;||||||||&#8221; title_text_align=&#8221;center&#8221; global_colors_info=&#8221;{}&#8221;]<\/p>\n<p style=\"text-align: center;\"><b>\u0130yi, do\u011fru ve g\u00fczel olan\u0131\u00a0<\/b><b>hakim k\u0131lmada <\/b><b>lider bir kurulu\u015f olmakt\u0131r.<\/b><\/p>\n<p>[\/et_pb_toggle][\/et_pb_column][\/et_pb_row][\/et_pb_section]<\/p>\n","protected":false},"excerpt":{"rendered":"<p>12. Ufka Yolculuk Kay\u0131tlar\u0131 Devam EdiyorUzun S\u00fcreli \u0130zcilik Kamp\u0131 Tamamland\u013111. Ufka Yolculuk Kars \u0130l \u00d6d\u00fclleri VerildiKars&#8217;ta 250 FidanHaydi \u00c7ocuklar Camiye 2024 Tamamland\u0131Haydi \u00c7ocuklar Camiye Kay\u0131tlar\u0131 Ba\u015flad\u013111. Ufka Yolculuk Kay\u0131tlar\u0131 Ba\u015flad\u0131Haydi \u00c7ocuklar Camiye 2023 \u00d6d\u00fcl T\u00f6reniSar\u0131kam\u0131\u015f \u015eehitlerini Anma Y\u00fcr\u00fcy\u00fc\u015f\u00fcYahni Da\u011f\u0131nda \u015eehitler An\u0131ld\u0131Bilek G\u00fcre\u015fi \u0130l Turnuvas\u0131Ufka Yolculuk Bilgi ve K\u00fclt\u00fcr Yar\u0131\u015fmas\u0131Haydi \u00c7ocuklar Camiye Yar\u0131\u015fmas\u0131\u0130zcilik\u00c7evre EtkinlikleriBilek G\u00fcre\u015fi EtkinlikleriSon [&hellip;]<\/p>\n","protected":false},"author":1,"featured_media":557,"parent":0,"menu_order":0,"comment_status":"closed","ping_status":"closed","template":"","meta":{"_et_pb_use_builder":"on","_et_pb_old_content":"","_et_gb_content_width":"","footnotes":""},"class_list":["post-121","page","type-page","status-publish","has-post-thumbnail","hentry"],"_links":{"self":[{"href":"https:\/\/sehristan.org\/index.php\/wp-json\/wp\/v2\/pages\/121","targetHints":{"allow":["GET"]}}],"collection":[{"href":"https:\/\/sehristan.org\/index.php\/wp-json\/wp\/v2\/pages"}],"about":[{"href":"https:\/\/sehristan.org\/index.php\/wp-json\/wp\/v2\/types\/page"}],"author":[{"embeddable":true,"href":"https:\/\/sehristan.org\/index.php\/wp-json\/wp\/v2\/users\/1"}],"replies":[{"embeddable":true,"href":"https:\/\/sehristan.org\/index.php\/wp-json\/wp\/v2\/comments?post=121"}],"version-history":[{"count":262,"href":"https:\/\/sehristan.org\/index.php\/wp-json\/wp\/v2\/pages\/121\/revisions"}],"predecessor-version":[{"id":1909,"href":"https:\/\/sehristan.org\/index.php\/wp-json\/wp\/v2\/pages\/121\/revisions\/1909"}],"wp:featuredmedia":[{"embeddable":true,"href":"https:\/\/sehristan.org\/index.php\/wp-json\/wp\/v2\/media\/557"}],"wp:attachment":[{"href":"https:\/\/sehristan.org\/index.php\/wp-json\/wp\/v2\/media?parent=121"}],"curies":[{"name":"wp","href":"https:\/\/api.w.org\/{rel}","templated":true}]}}